?:??: W/?(?): --------- beginning of /dev/log/system
04-09 14:58:58.504: I/ActivityManager(961): Starting activity: Intent { cmp=com.appcelerator.kitchensinknook/ti.modules.titanium.ui.TiTabActivity (has extras) }
04-09 14:58:59.914: W/InputManagerService(961): Starting input on non-focused client com.android.internal.view.IInputMethodClient$Stub$Proxy@4a1f8688 (uid=10024 pid=1240)
04-09 14:59:01.270: I/ActivityManager(961): Starting activity: Intent { cmp=com.appcelerator.kitchensinknook/org.appcelerator.titanium.TiActivity (has extras) }
04-09 14:59:03.563: I/ActivityManager(961): Starting activity: Intent { cmp=com.appcelerator.kitchensinknook/org.appcelerator.titanium.TiActivity (has extras) }
04-09 14:59:05.883: I/ActivityManager(961): Starting activity: Intent { cmp=com.appcelerator.kitchensinknook/org.appcelerator.titanium.TiActivity (has extras) }
04-09 14:59:17.664: D/WifiService(961): ACTION_BATTERY_CHANGED pluggedType: 0
04-09 14:59:32.434: I/ActivityManager(961): Starting activity: Intent { cmp=com.appcelerator.kitchensinknook/org.appcelerator.titanium.TiActivity (has extras) }
04-09 14:59:37.147: I/WindowManager(961): Setting rotation to 3, animFlags=0
04-09 14:59:37.149: I/ActivityManager(961): Config changed: { scale=1.0 imsi=0/0 loc=en_US touch=3 keys=1/1/2 nav=1/1 orien=2(-1) layout=35 uiMode=0 seq=2}
04-09 14:59:39.145: I/WindowManager(961): Setting rotation to 0, animFlags=0
04-09 14:59:39.164: I/ActivityManager(961): Config changed: { scale=1.0 imsi=0/0 loc=en_US touch=3 keys=1/1/2 nav=1/1 orien=1(-1) layout=35 uiMode=0 seq=3}
04-09 14:59:40.955: I/WindowManager(961): Setting rotation to 3, animFlags=0
04-09 14:59:40.975: I/ActivityManager(961): Config changed: { scale=1.0 imsi=0/0 loc=en_US touch=3 keys=1/1/2 nav=1/1 orien=2(-1) layout=35 uiMode=0 seq=4}
04-09 14:59:42.990: I/WindowManager(961): Setting rotation to 0, animFlags=0
04-09 14:59:43.010: I/ActivityManager(961): Config changed: { scale=1.0 imsi=0/0 loc=en_US touch=3 keys=1/1/2 nav=1/1 orien=1(-1) layout=35 uiMode=0 seq=5}
04-09 14:59:47.645: D/WifiService(961): ACTION_BATTERY_CHANGED pluggedType: 0
04-09 15:00:17.696: D/WifiService(961): ACTION_BATTERY_CHANGED pluggedType: 0
04-09 15:00:47.701: D/WifiService(961): ACTION_BATTERY_CHANGED pluggedType: 0
04-09 15:01:17.717: D/WifiService(961): ACTION_BATTERY_CHANGED pluggedType: 0
04-09 15:01:47.729: D/WifiService(961): ACTION_BATTERY_CHANGED pluggedType: 0
04-09 15:02:17.739: D/WifiService(961): ACTION_BATTERY_CHANGED pluggedType: 0
04-09 15:02:47.938: D/WifiService(961): ACTION_BATTERY_CHANGED pluggedType: 0
04-09 15:03:17.761: D/WifiService(961): ACTION_BATTERY_CHANGED pluggedType: 0
04-09 15:03:47.785: D/WifiService(961): ACTION_BATTERY_CHANGED pluggedType: 0
04-09 15:04:11.549: D/WifiService(961): ACTION_SCREEN_OFF
04-09 15:04:11.582: D/WifiService(961): setting ACTION_DEVICE_IDLE timer for 900000ms
04-09 15:04:11.631: D/WifiService(961): acquireWifiLockLocked: WifiLock{DeviceManagerService type=1 binder=android.os.BinderProxy@4a23e110}
04-09 15:04:11.791: D/WifiService(961): releaseWifiLockLocked: WifiLock{DeviceManagerService type=1 binder=android.os.BinderProxy@4a23e110}
04-09 15:04:16.759: D/StatusBar(961): DISABLE_EXPAND: yes
04-09 15:04:16.759: D/StatusBar(961): DISABLE_NOTIFICATION_ICONS: yes
04-09 15:07:33.781: D/WifiService(961): ACTION_SCREEN_ON
04-09 15:07:35.310: D/StatusBar(961): DISABLE_NOTIFICATION_ICONS: no
04-09 15:07:35.795: W/InputManagerService(961): Window already focused, ignoring focus gain of: com.android.internal.view.IInputMethodClient$Stub$Proxy@4a1b5b40
04-09 15:08:03.455: D/WifiService(961): ACTION_BATTERY_CHANGED pluggedType: 0
04-09 15:08:09.459: I/ActivityManager(961): Starting activity: Intent { cmp=com.appcelerator.kitchensinknook/org.appcelerator.titanium.TiActivity (has extras) }
04-09 15:08:23.670: I/ActivityManager(961): Starting activity: Intent { cmp=com.appcelerator.kitchensinknook/org.appcelerator.titanium.TiActivity (has extras) }
04-09 15:08:33.459: D/WifiService(961): ACTION_BATTERY_CHANGED pluggedType: 0
04-09 15:08:35.582: I/ActivityManager(961): Starting activity: Intent { cmp=com.appcelerator.kitchensinknook/org.appcelerator.titanium.TiActivity (has extras) }
04-09 15:08:53.199: I/ActivityManager(961): Starting activity: Intent { cmp=com.appcelerator.kitchensinknook/org.appcelerator.titanium.TiActivity (has extras) }
04-09 15:09:03.478: D/WifiService(961): ACTION_BATTERY_CHANGED pluggedType: 0
04-09 15:09:33.496: D/WifiService(961): ACTION_BATTERY_CHANGED pluggedType: 0
04-09 15:09:57.029: D/ConnectivityService(961): ConnectivityChange for WIFI: CONNECTING/OBTAINING_IPADDR
04-09 15:09:57.033: D/ConnectivityService(961): Dropping ConnectivityChange for WIFI: CONNECTING/OBTAINING_IPADDR
04-09 15:09:57.051: E/StatusBarPolicy(961): BN_Notification enabled. Status = 3
04-09 15:09:57.117: E/StatusBarPolicy(961): BN_Notification enabled. Status = 6
04-09 15:09:57.428: D/WifiWatchdogService(961): (android.server.ServerThread) Appcelerator Guests (c0:62:6b:67:1f:e2) does not require the watchdog
04-09 15:09:57.482: D/ConnectivityService(961): ConnectivityChange for WIFI: CONNECTED/CONNECTED
04-09 15:09:57.490: D/ConnectivityService(961): adding dns 66.28.0.45 for WIFI
04-09 15:09:57.490: D/ConnectivityService(961): adding dns 66.28.0.61 for WIFI
04-09 15:09:57.490: D/ConnectivityService(961): adding dns 8.8.8.8 for WIFI
04-09 15:09:57.490: D/ConnectivityService(961): adding dns 8.8.4.4 for WIFI
04-09 15:09:57.506: D/VoldCmdListener(899): share status ums
04-09 15:09:59.047: E/StatusBarPolicy(961): BN_Notification enabled. Status = 2
04-09 15:10:03.668: D/WifiService(961): ACTION_BATTERY_CHANGED pluggedType: 0
04-09 15:10:33.672: D/WifiService(961): ACTION_BATTERY_CHANGED pluggedType: 0
04-09 15:10:56.836: D/WifiService(961): ACTION_SCREEN_OFF
04-09 15:10:56.859: D/WifiService(961): setting ACTION_DEVICE_IDLE timer for 900000ms
04-09 15:10:56.891: D/WifiService(961): acquireWifiLockLocked: WifiLock{DeviceManagerService type=1 binder=android.os.BinderProxy@4a274a50}
04-09 15:10:57.348: D/WifiService(961): releaseWifiLockLocked: WifiLock{DeviceManagerService type=1 binder=android.os.BinderProxy@4a274a50}
04-09 15:11:01.983: D/StatusBar(961): DISABLE_EXPAND: yes
04-09 15:11:01.983: D/StatusBar(961): DISABLE_NOTIFICATION_ICONS: yes
04-09 15:20:22.836: D/WifiService(961): ACTION_SCREEN_ON
04-09 15:20:24.420: D/StatusBar(961): DISABLE_NOTIFICATION_ICONS: no
04-09 15:20:28.617: W/InputManagerService(961): Window already focused, ignoring focus gain of: com.android.internal.view.IInputMethodClient$Stub$Proxy@4a2c7008
04-09 15:20:33.797: I/ActivityManager(961): Starting activity: Intent { cmp=com.appcelerator.kitchensinknook/org.appcelerator.titanium.TiActivity (has extras) }
04-09 15:20:48.398: I/ActivityManager(961): Starting activity: Intent { cmp=com.appcelerator.kitchensinknook/org.appcelerator.titanium.TiActivity (has extras) }
04-09 15:20:51.467: D/WifiService(961): ACTION_BATTERY_CHANGED pluggedType: 0
04-09 15:20:56.672: I/ActivityManager(961): Starting activity: Intent { cmp=com.appcelerator.kitchensinknook/org.appcelerator.titanium.TiActivity (has extras) }
04-09 15:21:04.748: I/ActivityManager(961): Starting activity: Intent { cmp=com.appcelerator.kitchensinknook/org.appcelerator.titanium.TiActivity (has extras) }
04-09 15:21:19.111: I/ActivityManager(961): Starting activity: Intent { cmp=com.appcelerator.kitchensinknook/org.appcelerator.titanium.TiActivity (has extras) }
04-09 15:21:27.711: I/ActivityManager(961): Starting activity: Intent { cmp=com.appcelerator.kitchensinknook/org.appcelerator.titanium.TiActivity (has extras) }
04-09 15:21:33.914: I/ActivityManager(961): Starting activity: Intent { cmp=com.appcelerator.kitchensinknook/org.appcelerator.titanium.TiActivity (has extras) }
04-09 15:21:51.506: D/WifiService(961): ACTION_BATTERY_CHANGED pluggedType: 0
04-09 15:22:21.496: D/WifiService(961): ACTION_BATTERY_CHANGED pluggedType: 0
04-09 15:22:51.506: D/WifiService(961): ACTION_BATTERY_CHANGED pluggedType: 0
04-09 15:23:21.518: D/WifiService(961): ACTION_BATTERY_CHANGED pluggedType: 0
04-09 15:23:33.518: D/WifiService(961): ACTION_SCREEN_OFF
04-09 15:23:33.539: D/WifiService(961): setting ACTION_DEVICE_IDLE timer for 900000ms
04-09 15:23:33.570: D/WifiService(961): acquireWifiLockLocked: WifiLock{DeviceManagerService type=1 binder=android.os.BinderProxy@4a3342e0}
04-09 15:23:33.668: D/WifiService(961): releaseWifiLockLocked: WifiLock{DeviceManagerService type=1 binder=android.os.BinderProxy@4a3342e0}
04-09 15:23:38.529: D/StatusBar(961): DISABLE_EXPAND: yes
04-09 15:23:38.529: D/StatusBar(961): DISABLE_NOTIFICATION_ICONS: yes
04-09 15:38:33.547: D/WifiService(961): got ACTION_DEVICE_IDLE
04-09 15:39:02.449: D/WifiService(961): ACTION_BATTERY_CHANGED pluggedType: 0
04-09 15:39:03.549: D/WifiService(961): MESSAGE_STOP_WIFI: Last WifiLock released. Stop Driver
04-09 15:39:03.822: E/StatusBarPolicy(961): BN_Notification enabled. Status = 3
04-09 15:39:03.844: D/ConnectivityService(961): ConnectivityChange for WIFI: DISCONNECTED/IDLE
04-09 15:39:03.846: D/ConnectivityService(961): getMobileDataEnabled returning true
04-09 15:39:03.887: E/StatusBarPolicy(961): BN_Notification enabled. Status = 6
04-09 15:39:32.453: D/WifiService(961): MESSAGE_STOP_WIFI: Last WifiLock released. Stop Driver
04-09 15:39:32.467: D/WifiService(961): ACTION_BATTERY_CHANGED pluggedType: 0
04-09 15:40:16.870: D/WifiService(961): ACTION_SCREEN_ON
04-09 15:40:19.091: D/StatusBar(961): DISABLE_NOTIFICATION_ICONS: no
04-09 15:40:19.445: W/InputManagerService(961): Window already focused, ignoring focus gain of: com.android.internal.view.IInputMethodClient$Stub$Proxy@4a2b8d20
04-09 15:40:19.726: D/ConnectivityService(961): ConnectivityChange for WIFI: CONNECTING/CONNECTING
04-09 15:40:19.777: D/ConnectivityService(961): Dropping ConnectivityChange for WIFI: CONNECTING/AUTHENTICATING
04-09 15:40:19.845: D/ConnectivityService(961): Dropping ConnectivityChange for WIFI: CONNECTING/OBTAINING_IPADDR
04-09 15:40:20.296: D/WifiWatchdogService(961): (android.server.ServerThread) Appcelerator Guests (c0:62:6b:67:1f:e2) does not require the watchdog
04-09 15:40:20.343: D/ConnectivityService(961): ConnectivityChange for WIFI: CONNECTED/CONNECTED
04-09 15:40:20.353: D/ConnectivityService(961): adding dns 66.28.0.45 for WIFI
04-09 15:40:20.353: D/ConnectivityService(961): adding dns 66.28.0.61 for WIFI
04-09 15:40:20.353: D/ConnectivityService(961): adding dns 8.8.8.8 for WIFI
04-09 15:40:20.355: D/ConnectivityService(961): adding dns 8.8.4.4 for WIFI
04-09 15:40:20.368: D/VoldCmdListener(899): share status ums
04-09 15:40:21.845: E/StatusBarPolicy(961): BN_Notification enabled. Status = 2
04-09 15:40:45.940: D/WifiService(961): ACTION_BATTERY_CHANGED pluggedType: 0
04-09 15:41:15.954: D/WifiService(961): ACTION_BATTERY_CHANGED pluggedType: 0
04-09 15:41:45.975: D/WifiService(961): ACTION_BATTERY_CHANGED pluggedType: 0
04-09 15:42:12.772: W/ActivityManager(961): Activity pause timeout for HistoryRecord{4a280e30 com.appcelerator.kitchensinknook/org.appcelerator.titanium.TiActivity}
04-09 15:42:15.505: W/ActivityManager(961): Activity pause timeout for HistoryRecord{4a2c76c0 com.appcelerator.kitchensinknook/org.appcelerator.titanium.TiActivity}
04-09 15:42:15.940: D/WifiService(961): ACTION_BATTERY_CHANGED pluggedType: 0
04-09 15:42:46.003: D/WifiService(961): ACTION_BATTERY_CHANGED pluggedType: 0
04-09 15:43:16.007: D/WifiService(961): ACTION_BATTERY_CHANGED pluggedType: 0
04-09 15:43:31.042: I/ActivityManager(961): Starting activity: Intent { cmp=com.appcelerator.kitchensinknook/org.appcelerator.titanium.TiActivity (has extras) }
04-09 15:43:31.126: I/ActivityManager(961): Starting activity: Intent { cmp=com.appcelerator.kitchensinknook/org.appcelerator.titanium.TiActivity (has extras) }
04-09 15:43:31.181: I/ActivityManager(961): Starting activity: Intent { cmp=com.appcelerator.kitchensinknook/org.appcelerator.titanium.TiActivity (has extras) }
04-09 15:43:31.235: I/ActivityManager(961): Starting activity: Intent { cmp=com.appcelerator.kitchensinknook/org.appcelerator.titanium.TiActivity (has extras) }
04-09 15:43:31.628: W/ActivityManager(961): Activity pause timeout for HistoryRecord{4a2c4a70 com.appcelerator.kitchensinknook/org.appcelerator.titanium.TiActivity}
04-09 15:43:46.030: D/WifiService(961): ACTION_BATTERY_CHANGED pluggedType: 0
04-09 15:44:15.997: D/WifiService(961): ACTION_BATTERY_CHANGED pluggedType: 0
04-09 15:44:17.686: W/ActivityManager(961): Activity pause timeout for HistoryRecord{4a28fd40 com.appcelerator.kitchensinknook/org.appcelerator.titanium.TiActivity}
04-09 15:44:19.878: W/ActivityManager(961): Activity pause timeout for HistoryRecord{4a320918 com.appcelerator.kitchensinknook/org.appcelerator.titanium.TiActivity}
04-09 15:44:21.722: W/ActivityManager(961): Activity pause timeout for HistoryRecord{4a2c4a70 com.appcelerator.kitchensinknook/org.appcelerator.titanium.TiActivity}
04-09 15:44:46.046: D/WifiService(961): ACTION_BATTERY_CHANGED pluggedType: 0
04-09 15:44:51.677: I/ActivityManager(961): Starting activity: Intent { cmp=com.appcelerator.kitchensinknook/org.appcelerator.titanium.TiActivity (has extras) }
04-09 15:44:52.187: W/ActivityManager(961): Activity pause timeout for HistoryRecord{4a335cd8 com.appcelerator.kitchensinknook/ti.modules.titanium.ui.TiTabActivity}
04-09 15:45:01.685: W/ActivityManager(961): Launch timeout has expired, giving up wake lock!
04-09 15:45:02.201: W/ActivityManager(961): Activity idle timeout for HistoryRecord{4a183f88 com.appcelerator.kitchensinknook/org.appcelerator.titanium.TiActivity}
04-09 15:45:16.059: D/WifiService(961): ACTION_BATTERY_CHANGED pluggedType: 0
04-09 15:45:29.636: W/WindowManager(961): No window to dispatch pointer action 0
04-09 15:45:31.540: W/WindowManager(961): No window to dispatch pointer action 1
04-09 15:45:36.038: I/MountService(961): onUmsConnected(): UMS mount state [UMS_STATE_MOUNTED]
04-09 15:45:36.038: I/MountService(961): onUmsConnected(): => all is OK; Starting UMS
04-09 15:45:36.048: W/Vold(899): Ignoring unknown switch 'usb_configuration'
04-09 15:45:36.059: D/VoldCmdListener(899): volume shared /mnt/media ums
04-09 15:45:36.067: I/ActivityManager(961): Starting activity: Intent { flg=0x10000000 cmp=android/com.android.server.status.UmsServerActivity }
04-09 15:45:36.083: D/VoldCmdListener(899): storage users /mnt/media
04-09 15:45:36.579: W/ActivityManager(961): Activity pause timeout for HistoryRecord{4a183f88 com.appcelerator.kitchensinknook/org.appcelerator.titanium.TiActivity}
04-09 15:45:36.669: D/VoldCmdListener(899): share status ums
04-09 15:45:36.774: D/VoldCmdListener(899): storage users /mnt/media
04-09 15:45:36.891: D/WifiService(961): ACTION_BATTERY_CHANGED pluggedType: 0
04-09 15:45:37.073: D/VoldCmdListener(899): volume unmount /mnt/media force
04-09 15:45:37.073: D/Vold(899): Volume  state changing 4 (Mounted) -> 5 (Unmounting)
04-09 15:45:37.081: I/ActivityManager(961): Starting activity: Intent { flg=0x10000000 cmp=android/com.android.server.status.UmsServerActivity }
04-09 15:45:38.077: I/Vold(899): /mnt/secure/staging/.android_secure sucessfully unmounted
04-09 15:45:38.077: I/Vold(899): /mnt/secure/asec sucessfully unmounted
04-09 15:45:38.085: I/ActivityManager(961): Starting activity: Intent { flg=0x10000000 cmp=android/com.android.server.status.UmsServerActivity }
04-09 15:45:38.095: I/Vold(899): /mnt/secure/staging sucessfully unmounted
04-09 15:45:38.095: I/Vold(899): /mnt/media unmounted sucessfully
04-09 15:45:38.095: D/Vold(899): Volume  state changing 5 (Unmounting) -> 1 (Idle-Unmounted)
04-09 15:45:38.106: I/StorageNotification(961): Media {/mnt/media} state changed from {mounted} -> {unmounted}
04-09 15:45:38.136: D/VoldCmdListener(899): volume share /mnt/media ums
04-09 15:45:38.136: D/Vold(899): Volume  state changing 1 (Idle-Unmounted) -> 7 (Shared-Unmounted)
04-09 15:45:38.149: W/MountService(961): Duplicate state transition (unmounted -> unmounted)
04-09 15:45:38.184: D/VoldCmdListener(899): volume shared /mnt/media ums
04-09 15:45:38.190: I/StorageNotification(961): Media {/mnt/media} state changed from {unmounted} -> {shared}
04-09 15:45:39.089: I/ActivityManager(961): Starting activity: Intent { flg=0x10000000 cmp=android/com.android.server.status.UmsServerActivity }
04-09 15:45:40.093: I/ActivityManager(961): Starting activity: Intent { flg=0x10000000 cmp=android/com.android.server.status.UmsServerActivity }
04-09 15:45:41.097: I/ActivityManager(961): Starting activity: Intent { flg=0x10000000 cmp=android/com.android.server.status.UmsServerActivity }
04-09 15:45:42.101: I/ActivityManager(961): Starting activity: Intent { flg=0x10000000 cmp=android/com.android.server.status.UmsServerActivity }
04-09 15:45:43.102: I/ActivityManager(961): Starting activity: Intent { flg=0x10000000 cmp=android/com.android.server.status.UmsServerActivity }
04-09 15:45:44.106: I/ActivityManager(961): Starting activity: Intent { flg=0x10000000 cmp=android/com.android.server.status.UmsServerActivity }
04-09 15:45:45.110: I/ActivityManager(961): Starting activity: Intent { flg=0x10000000 cmp=android/com.android.server.status.UmsServerActivity }
04-09 15:45:46.073: D/WifiService(961): ACTION_BATTERY_CHANGED pluggedType: 0
04-09 15:45:46.114: I/ActivityManager(961): Starting activity: Intent { flg=0x10000000 cmp=android/com.android.server.status.UmsServerActivity }
04-09 15:45:47.119: I/ActivityManager(961): Starting activity: Intent { flg=0x10000000 cmp=android/com.android.server.status.UmsServerActivity }
04-09 15:45:48.122: I/ActivityManager(961): Starting activity: Intent { flg=0x10000000 cmp=android/com.android.server.status.UmsServerActivity }
04-09 15:45:49.128: I/ActivityManager(961): Starting activity: Intent { flg=0x10000000 cmp=android/com.android.server.status.UmsServerActivity }
04-09 15:45:50.132: I/ActivityManager(961): Starting activity: Intent { flg=0x10000000 cmp=android/com.android.server.status.UmsServerActivity }
04-09 15:45:51.138: I/ActivityManager(961): Starting activity: Intent { flg=0x10000000 cmp=android/com.android.server.status.UmsServerActivity }
04-09 15:45:52.142: I/ActivityManager(961): Starting activity: Intent { flg=0x10000000 cmp=android/com.android.server.status.UmsServerActivity }
04-09 15:45:53.146: I/ActivityManager(961): Starting activity: Intent { flg=0x10000000 cmp=android/com.android.server.status.UmsServerActivity }
04-09 15:45:54.148: I/ActivityManager(961): Starting activity: Intent { flg=0x10000000 cmp=android/com.android.server.status.UmsServerActivity }
04-09 15:45:55.153: I/ActivityManager(961): Starting activity: Intent { flg=0x10000000 cmp=android/com.android.server.status.UmsServerActivity }
04-09 15:45:56.159: I/ActivityManager(961): Starting activity: Intent { flg=0x10000000 cmp=android/com.android.server.status.UmsServerActivity }
04-09 15:45:57.163: I/ActivityManager(961): Starting activity: Intent { flg=0x10000000 cmp=android/com.android.server.status.UmsServerActivity }
04-09 15:45:58.167: I/ActivityManager(961): Starting activity: Intent { flg=0x10000000 cmp=android/com.android.server.status.UmsServerActivity }
04-09 15:45:59.173: I/ActivityManager(961): Starting activity: Intent { flg=0x10000000 cmp=android/com.android.server.status.UmsServerActivity }
04-09 15:46:00.177: I/ActivityManager(961): Starting activity: Intent { flg=0x10000000 cmp=android/com.android.server.status.UmsServerActivity }
04-09 15:46:01.182: I/ActivityManager(961): Starting activity: Intent { flg=0x10000000 cmp=android/com.android.server.status.UmsServerActivity }
04-09 15:46:02.184: I/ActivityManager(961): Starting activity: Intent { flg=0x10000000 cmp=android/com.android.server.status.UmsServerActivity }
04-09 15:46:02.665: I/MountService(961): onUmsDisconnected(): UMS mount state [UMS_STATE_SHARED]
04-09 15:46:02.665: I/MountService(961): onUmsDisconnected(): => all is OK; Ending UMS
04-09 15:46:02.710: W/MountService(961): Unsharing [/mnt/media] after cable disconnect
04-09 15:46:02.712: D/VoldCmdListener(899): volume unshare /mnt/media ums
04-09 15:46:02.712: D/Vold(899): Volume  state changing 7 (Shared-Unmounted) -> 1 (Idle-Unmounted)
04-09 15:46:02.743: I/StorageNotification(961): Media {/mnt/media} state changed from {shared} -> {unmounted}
04-09 15:46:02.759: D/VoldCmdListener(899): volume mount /mnt/media
04-09 15:46:02.761: I/Vold(899): /dev/block/vold/179:8 being considered for volume 
04-09 15:46:02.761: D/Vold(899): Volume  state changing 1 (Idle-Unmounted) -> 3 (Checking)
04-09 15:46:03.337: I/Vold(899): Filesystem check completed OK
04-09 15:46:03.341: I/Vold(899): Device /dev/block/vold/179:8, target /mnt/media mounted @ /mnt/secure/staging
04-09 15:46:03.343: D/Vold(899): Volume  state changing 3 (Checking) -> 4 (Mounted)
04-09 15:46:03.360: I/MountService(961): media [/mnt/media] successfully mounted on UMS enabled-disconnect
04-09 15:46:03.362: D/VoldCmdListener(899): volume shared /mnt/media ums
04-09 15:46:03.366: I/StorageNotification(961): Media {/mnt/media} state changed from {unmounted} -> {checking}
04-09 15:46:03.368: I/StorageNotification(961): Media {/mnt/media} state changed from {checking} -> {mounted}
04-09 15:46:03.485: D/VoldCmdListener(899): volume shared /mnt/media ums
04-09 15:46:13.424: W/ActivityManager(961): Launch timeout has expired, giving up wake lock!
04-09 15:46:13.456: W/ActivityManager(961): Activity idle timeout for HistoryRecord{4a183f88 com.appcelerator.kitchensinknook/org.appcelerator.titanium.TiActivity}
04-09 15:46:16.091: D/WifiService(961): ACTION_BATTERY_CHANGED pluggedType: 0
04-09 15:46:46.085: D/WifiService(961): ACTION_BATTERY_CHANGED pluggedType: 0
04-09 15:47:16.120: D/WifiService(961): ACTION_BATTERY_CHANGED pluggedType: 0
04-09 15:47:36.944: D/WifiService(961): ACTION_SCREEN_OFF
04-09 15:47:36.968: D/WifiService(961): setting ACTION_DEVICE_IDLE timer for 900000ms
04-09 15:47:37.003: D/WifiService(961): acquireWifiLockLocked: WifiLock{DeviceManagerService type=1 binder=android.os.BinderProxy@4a352d98}
04-09 15:47:37.153: D/WifiService(961): releaseWifiLockLocked: WifiLock{DeviceManagerService type=1 binder=android.os.BinderProxy@4a352d98}
04-09 15:47:37.425: W/ActivityManager(961): Activity pause timeout for HistoryRecord{4a183f88 com.appcelerator.kitchensinknook/org.appcelerator.titanium.TiActivity}
04-09 15:47:42.290: D/StatusBar(961): DISABLE_EXPAND: yes
04-09 15:47:42.290: D/StatusBar(961): DISABLE_NOTIFICATION_ICONS: yes
04-09 15:47:46.106: D/WifiService(961): ACTION_BATTERY_CHANGED pluggedType: 0
04-09 15:48:16.136: D/WifiService(961): ACTION_BATTERY_CHANGED pluggedType: 0
04-09 15:48:38.706: D/WifiService(961): ACTION_SCREEN_ON
04-09 15:48:40.401: D/StatusBar(961): DISABLE_NOTIFICATION_ICONS: no
04-09 15:48:46.143: D/WifiService(961): ACTION_BATTERY_CHANGED pluggedType: 0
04-09 15:48:48.638: W/ActivityManager(961): Activity idle timeout for HistoryRecord{4a183f88 com.appcelerator.kitchensinknook/org.appcelerator.titanium.TiActivity}
04-09 15:49:16.163: D/WifiService(961): ACTION_BATTERY_CHANGED pluggedType: 0
04-09 15:49:46.167: D/WifiService(961): ACTION_BATTERY_CHANGED pluggedType: 0
04-09 15:50:06.020: W/WindowManager(961): No window to dispatch pointer action 0
04-09 15:50:06.085: W/WindowManager(961): No window to dispatch pointer action 1
04-09 15:50:07.993: W/WindowManager(961): No window to dispatch pointer action 0
04-09 15:50:08.237: W/WindowManager(961): No window to dispatch pointer action 1
04-09 15:50:16.184: D/WifiService(961): ACTION_BATTERY_CHANGED pluggedType: 0
04-09 15:50:46.188: D/WifiService(961): ACTION_BATTERY_CHANGED pluggedType: 0
04-09 15:51:16.206: D/WifiService(961): ACTION_BATTERY_CHANGED pluggedType: 0
04-09 15:51:46.208: D/WifiService(961): ACTION_BATTERY_CHANGED pluggedType: 0
04-09 15:52:01.235: W/WindowManager(961): No window to dispatch pointer action 0
04-09 15:52:01.382: W/WindowManager(961): No window to dispatch pointer action 1
04-09 15:52:01.958: W/WindowManager(961): No window to dispatch pointer action 0
04-09 15:52:02.038: W/WindowManager(961): No window to dispatch pointer action 1
04-09 15:52:02.169: W/WindowManager(961): No window to dispatch pointer action 0
04-09 15:52:02.249: W/WindowManager(961): No window to dispatch pointer action 1
04-09 15:52:02.347: W/WindowManager(961): No window to dispatch pointer action 0
04-09 15:52:02.425: W/WindowManager(961): No window to dispatch pointer action 1
04-09 15:52:02.520: W/WindowManager(961): No window to dispatch pointer action 0
04-09 15:52:02.600: W/WindowManager(961): No window to dispatch pointer action 1
04-09 15:52:05.446: W/WindowManager(961): No window to dispatch pointer action 0
04-09 15:52:05.540: W/WindowManager(961): No window to dispatch pointer action 1
04-09 15:52:05.671: W/WindowManager(961): No window to dispatch pointer action 0
04-09 15:52:05.737: W/WindowManager(961): No window to dispatch pointer action 1
04-09 15:52:05.845: W/WindowManager(961): No window to dispatch pointer action 0
04-09 15:52:05.911: W/WindowManager(961): No window to dispatch pointer action 1
04-09 15:52:06.018: W/WindowManager(961): No window to dispatch pointer action 0
04-09 15:52:06.071: W/WindowManager(961): No window to dispatch pointer action 1
04-09 15:52:06.179: W/WindowManager(961): No window to dispatch pointer action 0
04-09 15:52:06.245: W/WindowManager(961): No window to dispatch pointer action 1
04-09 15:52:16.226: D/WifiService(961): ACTION_BATTERY_CHANGED pluggedType: 0
04-09 15:52:46.227: D/WifiService(961): ACTION_BATTERY_CHANGED pluggedType: 0
04-09 15:53:16.251: D/WifiService(961): ACTION_BATTERY_CHANGED pluggedType: 0
04-09 15:53:46.253: D/WifiService(961): ACTION_BATTERY_CHANGED pluggedType: 0
04-09 15:54:06.321: D/WifiService(961): ACTION_SCREEN_OFF
04-09 15:54:06.501: D/WifiService(961): setting ACTION_DEVICE_IDLE timer for 900000ms
04-09 15:54:06.540: D/WifiService(961): acquireWifiLockLocked: WifiLock{DeviceManagerService type=1 binder=android.os.BinderProxy@4a37cf30}
04-09 15:54:06.712: D/WifiService(961): releaseWifiLockLocked: WifiLock{DeviceManagerService type=1 binder=android.os.BinderProxy@4a37cf30}
04-09 15:54:06.802: W/ActivityManager(961): Activity pause timeout for HistoryRecord{4a183f88 com.appcelerator.kitchensinknook/org.appcelerator.titanium.TiActivity}
04-09 15:54:11.483: D/StatusBar(961): DISABLE_EXPAND: yes
04-09 15:54:11.483: D/StatusBar(961): DISABLE_NOTIFICATION_ICONS: yes
04-09 15:54:16.257: D/WifiService(961): ACTION_BATTERY_CHANGED pluggedType: 0
04-09 15:54:46.274: D/WifiService(961): ACTION_BATTERY_CHANGED pluggedType: 0
04-09 15:55:16.294: D/WifiService(961): ACTION_BATTERY_CHANGED pluggedType: 0
04-09 15:55:46.294: D/WifiService(961): ACTION_BATTERY_CHANGED pluggedType: 0
04-09 15:56:16.313: D/WifiService(961): ACTION_BATTERY_CHANGED pluggedType: 0
04-09 15:56:46.319: D/WifiService(961): ACTION_BATTERY_CHANGED pluggedType: 0
04-09 15:57:16.333: D/WifiService(961): ACTION_BATTERY_CHANGED pluggedType: 0
04-09 15:57:46.339: D/WifiService(961): ACTION_BATTERY_CHANGED pluggedType: 0
04-09 15:58:16.358: D/WifiService(961): ACTION_BATTERY_CHANGED pluggedType: 0
04-09 15:58:46.364: D/WifiService(961): ACTION_BATTERY_CHANGED pluggedType: 0
04-09 15:59:16.380: D/WifiService(961): ACTION_BATTERY_CHANGED pluggedType: 0
04-09 16:00:16.405: D/WifiService(961): ACTION_BATTERY_CHANGED pluggedType: 0
04-09 16:00:46.409: D/WifiService(961): ACTION_BATTERY_CHANGED pluggedType: 0
04-09 16:01:16.427: D/WifiService(961): ACTION_BATTERY_CHANGED pluggedType: 0
04-09 16:01:46.429: D/WifiService(961): ACTION_BATTERY_CHANGED pluggedType: 0
04-09 16:02:16.450: D/WifiService(961): ACTION_BATTERY_CHANGED pluggedType: 0
04-09 16:02:46.452: D/WifiService(961): ACTION_BATTERY_CHANGED pluggedType: 0
04-09 16:03:16.472: D/WifiService(961): ACTION_BATTERY_CHANGED pluggedType: 0
04-09 16:03:46.479: D/WifiService(961): ACTION_BATTERY_CHANGED pluggedType: 0
04-09 16:04:16.493: D/WifiService(961): ACTION_BATTERY_CHANGED pluggedType: 0
04-09 16:04:46.497: D/WifiService(961): ACTION_BATTERY_CHANGED pluggedType: 0
04-09 16:05:16.516: D/WifiService(961): ACTION_BATTERY_CHANGED pluggedType: 0
04-09 16:05:46.524: D/WifiService(961): ACTION_BATTERY_CHANGED pluggedType: 0
04-09 16:06:16.542: D/WifiService(961): ACTION_BATTERY_CHANGED pluggedType: 0
04-09 16:06:46.548: D/WifiService(961): ACTION_BATTERY_CHANGED pluggedType: 0
04-09 16:07:19.516: W/Vold(899): Ignoring unknown switch 'usb_configuration'
04-09 16:07:20.950: W/Vold(899): Ignoring unknown switch 'usb_configuration'
04-09 16:07:20.952: I/MountService(961): onUmsConnected(): UMS mount state [UMS_STATE_MOUNTED]
04-09 16:07:20.952: I/MountService(961): onUmsConnected(): => all is OK; Starting UMS
04-09 16:07:20.977: D/VoldCmdListener(899): volume shared /mnt/media ums
04-09 16:07:20.985: I/ActivityManager(961): Starting activity: Intent { flg=0x10000000 cmp=android/com.android.server.status.UmsServerActivity }
04-09 16:07:21.044: D/VoldCmdListener(899): storage users /mnt/media
04-09 16:07:21.311: D/VoldCmdListener(899): storage users /mnt/media
04-09 16:07:21.446: D/VoldCmdListener(899): volume unmount /mnt/media force
04-09 16:07:21.448: D/Vold(899): Volume  state changing 4 (Mounted) -> 5 (Unmounting)
04-09 16:07:22.450: I/Vold(899): /mnt/secure/staging/.android_secure sucessfully unmounted
04-09 16:07:22.450: I/Vold(899): /mnt/secure/asec sucessfully unmounted
04-09 16:07:22.466: I/Vold(899): /mnt/secure/staging sucessfully unmounted
04-09 16:07:22.466: I/Vold(899): /mnt/media unmounted sucessfully
04-09 16:07:22.466: D/Vold(899): Volume  state changing 5 (Unmounting) -> 1 (Idle-Unmounted)
04-09 16:07:22.499: D/VoldCmdListener(899): share status ums
04-09 16:07:22.522: D/VoldCmdListener(899): volume share /mnt/media ums
04-09 16:07:22.522: D/Vold(899): Volume  state changing 1 (Idle-Unmounted) -> 7 (Shared-Unmounted)
04-09 16:07:22.532: W/MountService(961): Duplicate state transition (unmounted -> unmounted)
04-09 16:07:22.608: I/ActivityManager(961): Starting activity: Intent { flg=0x10000000 cmp=android/com.android.server.status.UmsServerActivity }
04-09 16:07:22.610: I/StorageNotification(961): Media {/mnt/media} state changed from {mounted} -> {unmounted}
04-09 16:07:22.614: D/VoldCmdListener(899): volume shared /mnt/media ums
04-09 16:07:22.632: I/StorageNotification(961): Media {/mnt/media} state changed from {unmounted} -> {shared}
04-09 16:07:23.612: I/ActivityManager(961): Starting activity: Intent { flg=0x10000000 cmp=android/com.android.server.status.UmsServerActivity }
04-09 16:07:23.620: I/UsageStats(961): Something wrong here, didn't expect android to be paused
04-09 16:07:24.626: I/ActivityManager(961): Starting activity: Intent { flg=0x10000000 cmp=android/com.android.server.status.UmsServerActivity }
04-09 16:07:25.640: I/ActivityManager(961): Starting activity: Intent { flg=0x10000000 cmp=android/com.android.server.status.UmsServerActivity }
04-09 16:07:26.653: I/ActivityManager(961): Starting activity: Intent { flg=0x10000000 cmp=android/com.android.server.status.UmsServerActivity }
04-09 16:07:27.689: I/ActivityManager(961): Starting activity: Intent { flg=0x10000000 cmp=android/com.android.server.status.UmsServerActivity }
04-09 16:07:28.700: I/ActivityManager(961): Starting activity: Intent { flg=0x10000000 cmp=android/com.android.server.status.UmsServerActivity }
04-09 16:07:29.714: I/ActivityManager(961): Starting activity: Intent { flg=0x10000000 cmp=android/com.android.server.status.UmsServerActivity }
04-09 16:07:30.729: I/ActivityManager(961): Starting activity: Intent { flg=0x10000000 cmp=android/com.android.server.status.UmsServerActivity }
04-09 16:07:31.741: I/ActivityManager(961): Starting activity: Intent { flg=0x10000000 cmp=android/com.android.server.status.UmsServerActivity }
04-09 16:07:32.776: I/ActivityManager(961): Starting activity: Intent { flg=0x10000000 cmp=android/com.android.server.status.UmsServerActivity }
04-09 16:07:33.788: I/ActivityManager(961): Starting activity: Intent { flg=0x10000000 cmp=android/com.android.server.status.UmsServerActivity }
04-09 16:07:34.800: I/ActivityManager(961): Starting activity: Intent { flg=0x10000000 cmp=android/com.android.server.status.UmsServerActivity }
04-09 16:07:35.812: I/ActivityManager(961): Starting activity: Intent { flg=0x10000000 cmp=android/com.android.server.status.UmsServerActivity }
04-09 16:07:36.822: I/ActivityManager(961): Starting activity: Intent { flg=0x10000000 cmp=android/com.android.server.status.UmsServerActivity }
04-09 16:07:37.858: I/ActivityManager(961): Starting activity: Intent { flg=0x10000000 cmp=android/com.android.server.status.UmsServerActivity }
04-09 16:07:38.870: I/ActivityManager(961): Starting activity: Intent { flg=0x10000000 cmp=android/com.android.server.status.UmsServerActivity }
04-09 16:07:39.880: I/ActivityManager(961): Starting activity: Intent { flg=0x10000000 cmp=android/com.android.server.status.UmsServerActivity }
04-09 16:07:40.892: I/ActivityManager(961): Starting activity: Intent { flg=0x10000000 cmp=android/com.android.server.status.UmsServerActivity }
04-09 16:07:41.905: I/ActivityManager(961): Starting activity: Intent { flg=0x10000000 cmp=android/com.android.server.status.UmsServerActivity }
04-09 16:07:42.941: I/ActivityManager(961): Starting activity: Intent { flg=0x10000000 cmp=android/com.android.server.status.UmsServerActivity }
04-09 16:07:43.954: I/ActivityManager(961): Starting activity: Intent { flg=0x10000000 cmp=android/com.android.server.status.UmsServerActivity }
04-09 16:07:44.970: I/ActivityManager(961): Starting activity: Intent { flg=0x10000000 cmp=android/com.android.server.status.UmsServerActivity }
04-09 16:07:45.981: I/ActivityManager(961): Starting activity: Intent { flg=0x10000000 cmp=android/com.android.server.status.UmsServerActivity }
04-09 16:07:46.720: D/WifiService(961): ACTION_BATTERY_CHANGED pluggedType: 0
04-09 16:07:46.992: I/ActivityManager(961): Starting activity: Intent { flg=0x10000000 cmp=android/com.android.server.status.UmsServerActivity }
04-09 16:07:48.026: I/ActivityManager(961): Starting activity: Intent { flg=0x10000000 cmp=android/com.android.server.status.UmsServerActivity }
04-09 16:07:49.038: I/ActivityManager(961): Starting activity: Intent { flg=0x10000000 cmp=android/com.android.server.status.UmsServerActivity }
04-09 16:07:50.052: I/ActivityManager(961): Starting activity: Intent { flg=0x10000000 cmp=android/com.android.server.status.UmsServerActivity }
04-09 16:07:51.063: I/ActivityManager(961): Starting activity: Intent { flg=0x10000000 cmp=android/com.android.server.status.UmsServerActivity }
04-09 16:07:52.075: I/ActivityManager(961): Starting activity: Intent { flg=0x10000000 cmp=android/com.android.server.status.UmsServerActivity }
04-09 16:07:53.110: I/ActivityManager(961): Starting activity: Intent { flg=0x10000000 cmp=android/com.android.server.status.UmsServerActivity }
04-09 16:07:54.124: I/ActivityManager(961): Starting activity: Intent { flg=0x10000000 cmp=android/com.android.server.status.UmsServerActivity }
04-09 16:07:55.136: I/ActivityManager(961): Starting activity: Intent { flg=0x10000000 cmp=android/com.android.server.status.UmsServerActivity }
04-09 16:07:56.151: I/ActivityManager(961): Starting activity: Intent { flg=0x10000000 cmp=android/com.android.server.status.UmsServerActivity }
04-09 16:07:57.161: I/ActivityManager(961): Starting activity: Intent { flg=0x10000000 cmp=android/com.android.server.status.UmsServerActivity }
04-09 16:07:58.196: I/ActivityManager(961): Starting activity: Intent { flg=0x10000000 cmp=android/com.android.server.status.UmsServerActivity }
04-09 16:07:59.208: I/ActivityManager(961): Starting activity: Intent { flg=0x10000000 cmp=android/com.android.server.status.UmsServerActivity }
04-09 16:08:00.218: I/ActivityManager(961): Starting activity: Intent { flg=0x10000000 cmp=android/com.android.server.status.UmsServerActivity }
04-09 16:08:01.229: I/ActivityManager(961): Starting activity: Intent { flg=0x10000000 cmp=android/com.android.server.status.UmsServerActivity }
04-09 16:08:02.241: I/ActivityManager(961): Starting activity: Intent { flg=0x10000000 cmp=android/com.android.server.status.UmsServerActivity }
04-09 16:08:03.275: I/ActivityManager(961): Starting activity: Intent { flg=0x10000000 cmp=android/com.android.server.status.UmsServerActivity }
04-09 16:08:04.286: I/ActivityManager(961): Starting activity: Intent { flg=0x10000000 cmp=android/com.android.server.status.UmsServerActivity }
04-09 16:08:05.298: I/ActivityManager(961): Starting activity: Intent { flg=0x10000000 cmp=android/com.android.server.status.UmsServerActivity }
04-09 16:08:06.307: I/ActivityManager(961): Starting activity: Intent { flg=0x10000000 cmp=android/com.android.server.status.UmsServerActivity }
04-09 16:08:07.319: I/ActivityManager(961): Starting activity: Intent { flg=0x10000000 cmp=android/com.android.server.status.UmsServerActivity }
04-09 16:08:08.354: I/ActivityManager(961): Starting activity: Intent { flg=0x10000000 cmp=android/com.android.server.status.UmsServerActivity }
04-09 16:08:09.366: I/ActivityManager(961): Starting activity: Intent { flg=0x10000000 cmp=android/com.android.server.status.UmsServerActivity }
04-09 16:08:10.378: I/ActivityManager(961): Starting activity: Intent { flg=0x10000000 cmp=android/com.android.server.status.UmsServerActivity }
04-09 16:08:11.391: I/ActivityManager(961): Starting activity: Intent { flg=0x10000000 cmp=android/com.android.server.status.UmsServerActivity }
04-09 16:08:12.404: I/ActivityManager(961): Starting activity: Intent { flg=0x10000000 cmp=android/com.android.server.status.UmsServerActivity }
04-09 16:08:13.438: I/ActivityManager(961): Starting activity: Intent { flg=0x10000000 cmp=android/com.android.server.status.UmsServerActivity }
04-09 16:08:14.452: I/ActivityManager(961): Starting activity: Intent { flg=0x10000000 cmp=android/com.android.server.status.UmsServerActivity }
04-09 16:08:15.464: I/ActivityManager(961): Starting activity: Intent { flg=0x10000000 cmp=android/com.android.server.status.UmsServerActivity }
04-09 16:08:16.475: I/ActivityManager(961): Starting activity: Intent { flg=0x10000000 cmp=android/com.android.server.status.UmsServerActivity }
04-09 16:08:16.565: D/WifiService(961): ACTION_BATTERY_CHANGED pluggedType: 0
04-09 16:08:17.485: I/ActivityManager(961): Starting activity: Intent { flg=0x10000000 cmp=android/com.android.server.status.UmsServerActivity }
04-09 16:08:18.520: I/ActivityManager(961): Starting activity: Intent { flg=0x10000000 cmp=android/com.android.server.status.UmsServerActivity }
04-09 16:08:19.534: I/ActivityManager(961): Starting activity: Intent { flg=0x10000000 cmp=android/com.android.server.status.UmsServerActivity }
04-09 16:08:20.550: I/ActivityManager(961): Starting activity: Intent { flg=0x10000000 cmp=android/com.android.server.status.UmsServerActivity }
04-09 16:08:21.560: I/ActivityManager(961): Starting activity: Intent { flg=0x10000000 cmp=android/com.android.server.status.UmsServerActivity }
04-09 16:08:22.577: I/ActivityManager(961): Starting activity: Intent { flg=0x10000000 cmp=android/com.android.server.status.UmsServerActivity }
04-09 16:08:23.616: I/ActivityManager(961): Starting activity: Intent { flg=0x10000000 cmp=android/com.android.server.status.UmsServerActivity }
04-09 16:08:24.628: I/ActivityManager(961): Starting activity: Intent { flg=0x10000000 cmp=android/com.android.server.status.UmsServerActivity }
04-09 16:08:25.640: I/ActivityManager(961): Starting activity: Intent { flg=0x10000000 cmp=android/com.android.server.status.UmsServerActivity }
04-09 16:08:26.654: I/ActivityManager(961): Starting activity: Intent { flg=0x10000000 cmp=android/com.android.server.status.UmsServerActivity }
04-09 16:08:27.665: I/ActivityManager(961): Starting activity: Intent { flg=0x10000000 cmp=android/com.android.server.status.UmsServerActivity }
04-09 16:08:28.704: I/ActivityManager(961): Starting activity: Intent { flg=0x10000000 cmp=android/com.android.server.status.UmsServerActivity }
04-09 16:08:29.716: I/ActivityManager(961): Starting activity: Intent { flg=0x10000000 cmp=android/com.android.server.status.UmsServerActivity }
04-09 16:08:30.727: I/ActivityManager(961): Starting activity: Intent { flg=0x10000000 cmp=android/com.android.server.status.UmsServerActivity }
04-09 16:08:31.737: I/ActivityManager(961): Starting activity: Intent { flg=0x10000000 cmp=android/com.android.server.status.UmsServerActivity }
04-09 16:08:32.749: I/ActivityManager(961): Starting activity: Intent { flg=0x10000000 cmp=android/com.android.server.status.UmsServerActivity }
04-09 16:08:33.786: I/ActivityManager(961): Starting activity: Intent { flg=0x10000000 cmp=android/com.android.server.status.UmsServerActivity }
04-09 16:08:34.798: I/ActivityManager(961): Starting activity: Intent { flg=0x10000000 cmp=android/com.android.server.status.UmsServerActivity }
04-09 16:08:35.810: I/ActivityManager(961): Starting activity: Intent { flg=0x10000000 cmp=android/com.android.server.status.UmsServerActivity }
04-09 16:08:36.823: I/ActivityManager(961): Starting activity: Intent { flg=0x10000000 cmp=android/com.android.server.status.UmsServerActivity }
04-09 16:08:37.835: I/ActivityManager(961): Starting activity: Intent { flg=0x10000000 cmp=android/com.android.server.status.UmsServerActivity }
04-09 16:08:38.874: I/ActivityManager(961): Starting activity: Intent { flg=0x10000000 cmp=android/com.android.server.status.UmsServerActivity }
04-09 16:08:39.884: I/ActivityManager(961): Starting activity: Intent { flg=0x10000000 cmp=android/com.android.server.status.UmsServerActivity }
04-09 16:08:40.897: I/ActivityManager(961): Starting activity: Intent { flg=0x10000000 cmp=android/com.android.server.status.UmsServerActivity }
04-09 16:08:41.908: I/ActivityManager(961): Starting activity: Intent { flg=0x10000000 cmp=android/com.android.server.status.UmsServerActivity }
04-09 16:08:42.919: I/ActivityManager(961): Starting activity: Intent { flg=0x10000000 cmp=android/com.android.server.status.UmsServerActivity }
04-09 16:08:43.952: I/ActivityManager(961): Starting activity: Intent { flg=0x10000000 cmp=android/com.android.server.status.UmsServerActivity }
04-09 16:08:44.964: I/ActivityManager(961): Starting activity: Intent { flg=0x10000000 cmp=android/com.android.server.status.UmsServerActivity }
04-09 16:08:45.977: I/ActivityManager(961): Starting activity: Intent { flg=0x10000000 cmp=android/com.android.server.status.UmsServerActivity }
04-09 16:08:46.573: D/WifiService(961): ACTION_BATTERY_CHANGED pluggedType: 0
04-09 16:08:46.989: I/ActivityManager(961): Starting activity: Intent { flg=0x10000000 cmp=android/com.android.server.status.UmsServerActivity }
04-09 16:08:48.001: I/ActivityManager(961): Starting activity: Intent { flg=0x10000000 cmp=android/com.android.server.status.UmsServerActivity }
04-09 16:08:49.040: I/ActivityManager(961): Starting activity: Intent { flg=0x10000000 cmp=android/com.android.server.status.UmsServerActivity }
04-09 16:08:50.050: I/ActivityManager(961): Starting activity: Intent { flg=0x10000000 cmp=android/com.android.server.status.UmsServerActivity }
04-09 16:08:51.062: I/ActivityManager(961): Starting activity: Intent { flg=0x10000000 cmp=android/com.android.server.status.UmsServerActivity }
04-09 16:08:52.076: I/ActivityManager(961): Starting activity: Intent { flg=0x10000000 cmp=android/com.android.server.status.UmsServerActivity }
04-09 16:08:53.089: I/ActivityManager(961): Starting activity: Intent { flg=0x10000000 cmp=android/com.android.server.status.UmsServerActivity }
04-09 16:08:54.126: I/ActivityManager(961): Starting activity: Intent { flg=0x10000000 cmp=android/com.android.server.status.UmsServerActivity }
04-09 16:08:55.138: I/ActivityManager(961): Starting activity: Intent { flg=0x10000000 cmp=android/com.android.server.status.UmsServerActivity }
04-09 16:08:56.149: I/ActivityManager(961): Starting activity: Intent { flg=0x10000000 cmp=android/com.android.server.status.UmsServerActivity }
04-09 16:08:57.163: I/ActivityManager(961): Starting activity: Intent { flg=0x10000000 cmp=android/com.android.server.status.UmsServerActivity }
04-09 16:08:58.173: I/ActivityManager(961): Starting activity: Intent { flg=0x10000000 cmp=android/com.android.server.status.UmsServerActivity }
04-09 16:08:59.208: I/ActivityManager(961): Starting activity: Intent { flg=0x10000000 cmp=android/com.android.server.status.UmsServerActivity }
04-09 16:09:00.220: I/ActivityManager(961): Starting activity: Intent { flg=0x10000000 cmp=android/com.android.server.status.UmsServerActivity }
04-09 16:09:01.231: I/ActivityManager(961): Starting activity: Intent { flg=0x10000000 cmp=android/com.android.server.status.UmsServerActivity }
04-09 16:09:02.242: I/ActivityManager(961): Starting activity: Intent { flg=0x10000000 cmp=android/com.android.server.status.UmsServerActivity }
04-09 16:09:03.253: I/ActivityManager(961): Starting activity: Intent { flg=0x10000000 cmp=android/com.android.server.status.UmsServerActivity }
04-09 16:09:04.290: I/ActivityManager(961): Starting activity: Intent { flg=0x10000000 cmp=android/com.android.server.status.UmsServerActivity }
04-09 16:09:05.302: I/ActivityManager(961): Starting activity: Intent { flg=0x10000000 cmp=android/com.android.server.status.UmsServerActivity }
04-09 16:09:06.312: I/ActivityManager(961): Starting activity: Intent { flg=0x10000000 cmp=android/com.android.server.status.UmsServerActivity }
04-09 16:09:06.501: D/WifiService(961): got ACTION_DEVICE_IDLE
04-09 16:09:07.323: I/ActivityManager(961): Starting activity: Intent { flg=0x10000000 cmp=android/com.android.server.status.UmsServerActivity }
04-09 16:09:08.335: I/ActivityManager(961): Starting activity: Intent { flg=0x10000000 cmp=android/com.android.server.status.UmsServerActivity }
04-09 16:09:09.370: I/ActivityManager(961): Starting activity: Intent { flg=0x10000000 cmp=android/com.android.server.status.UmsServerActivity }
04-09 16:09:10.384: I/ActivityManager(961): Starting activity: Intent { flg=0x10000000 cmp=android/com.android.server.status.UmsServerActivity }
04-09 16:09:11.395: I/ActivityManager(961): Starting activity: Intent { flg=0x10000000 cmp=android/com.android.server.status.UmsServerActivity }
04-09 16:09:12.407: I/ActivityManager(961): Starting activity: Intent { flg=0x10000000 cmp=android/com.android.server.status.UmsServerActivity }
04-09 16:09:13.418: I/ActivityManager(961): Starting activity: Intent { flg=0x10000000 cmp=android/com.android.server.status.UmsServerActivity }
04-09 16:09:14.452: I/ActivityManager(961): Starting activity: Intent { flg=0x10000000 cmp=android/com.android.server.status.UmsServerActivity }
04-09 16:09:15.466: I/ActivityManager(961): Starting activity: Intent { flg=0x10000000 cmp=android/com.android.server.status.UmsServerActivity }
04-09 16:09:16.475: I/ActivityManager(961): Starting activity: Intent { flg=0x10000000 cmp=android/com.android.server.status.UmsServerActivity }
04-09 16:09:16.589: D/WifiService(961): ACTION_BATTERY_CHANGED pluggedType: 0
04-09 16:09:17.487: I/ActivityManager(961): Starting activity: Intent { flg=0x10000000 cmp=android/com.android.server.status.UmsServerActivity }
04-09 16:09:18.497: I/ActivityManager(961): Starting activity: Intent { flg=0x10000000 cmp=android/com.android.server.status.UmsServerActivity }
04-09 16:09:19.531: I/ActivityManager(961): Starting activity: Intent { flg=0x10000000 cmp=android/com.android.server.status.UmsServerActivity }
04-09 16:09:20.542: I/ActivityManager(961): Starting activity: Intent { flg=0x10000000 cmp=android/com.android.server.status.UmsServerActivity }
04-09 16:09:21.554: I/ActivityManager(961): Starting activity: Intent { flg=0x10000000 cmp=android/com.android.server.status.UmsServerActivity }
04-09 16:09:22.565: I/ActivityManager(961): Starting activity: Intent { flg=0x10000000 cmp=android/com.android.server.status.UmsServerActivity }
04-09 16:09:23.576: I/ActivityManager(961): Starting activity: Intent { flg=0x10000000 cmp=android/com.android.server.status.UmsServerActivity }
04-09 16:09:24.609: I/ActivityManager(961): Starting activity: Intent { flg=0x10000000 cmp=android/com.android.server.status.UmsServerActivity }
04-09 16:09:25.620: I/ActivityManager(961): Starting activity: Intent { flg=0x10000000 cmp=android/com.android.server.status.UmsServerActivity }
04-09 16:09:26.632: I/ActivityManager(961): Starting activity: Intent { flg=0x10000000 cmp=android/com.android.server.status.UmsServerActivity }
04-09 16:09:27.642: I/ActivityManager(961): Starting activity: Intent { flg=0x10000000 cmp=android/com.android.server.status.UmsServerActivity }
04-09 16:09:28.653: I/ActivityManager(961): Starting activity: Intent { flg=0x10000000 cmp=android/com.android.server.status.UmsServerActivity }
04-09 16:09:29.688: I/ActivityManager(961): Starting activity: Intent { flg=0x10000000 cmp=android/com.android.server.status.UmsServerActivity }
04-09 16:09:30.700: I/ActivityManager(961): Starting activity: Intent { flg=0x10000000 cmp=android/com.android.server.status.UmsServerActivity }
04-09 16:09:31.716: I/ActivityManager(961): Starting activity: Intent { flg=0x10000000 cmp=android/com.android.server.status.UmsServerActivity }
04-09 16:09:32.728: I/ActivityManager(961): Starting activity: Intent { flg=0x10000000 cmp=android/com.android.server.status.UmsServerActivity }
04-09 16:09:33.738: I/ActivityManager(961): Starting activity: Intent { flg=0x10000000 cmp=android/com.android.server.status.UmsServerActivity }
04-09 16:09:34.773: I/ActivityManager(961): Starting activity: Intent { flg=0x10000000 cmp=android/com.android.server.status.UmsServerActivity }
04-09 16:09:35.784: I/ActivityManager(961): Starting activity: Intent { flg=0x10000000 cmp=android/com.android.server.status.UmsServerActivity }
