04-09 16:11:59.815: D/WindowManager(961): interceptKeyTi code=4 down=true repeatCount=0 keyguardOn=false mHomePressed=false
04-09 16:11:59.815: D/WindowManager(961): interceptKeyTi code=4 down=true repeatCount=0 keyguardOn=false mHomePressed=false
04-09 16:11:59.817: D/WindowManager(961): interceptKeyTi code=4 down=true repeatCount=0 keyguardOn=false mHomePressed=false
04-09 16:11:59.824: D/WindowManager(961): interceptKeyTi code=4 down=true repeatCount=0 keyguardOn=false mHomePressed=false
04-09 16:11:59.826: D/WindowManager(961): interceptKeyTi code=4 down=true repeatCount=0 keyguardOn=false mHomePressed=false
04-09 16:11:59.826: D/WindowManager(961): interceptKeyTi code=4 down=true repeatCount=0 keyguardOn=false mHomePressed=false
04-09 16:11:59.828: D/WindowManager(961): interceptKeyTi code=4 down=true repeatCount=0 keyguardOn=false mHomePressed=false
04-09 16:11:59.836: D/WindowManager(961): interceptKeyTi code=4 down=true repeatCount=0 keyguardOn=false mHomePressed=false
04-09 16:11:59.908: D/WindowManager(961): interceptKeyTi code=4 down=true repeatCount=0 keyguardOn=false mHomePressed=false
04-09 16:11:59.910: D/WindowManager(961): interceptKeyTi code=4 down=true repeatCount=0 keyguardOn=false mHomePressed=false
04-09 16:11:59.910: D/WindowManager(961): interceptKeyTi code=4 down=true repeatCount=0 keyguardOn=false mHomePressed=false
04-09 16:11:59.910: D/WindowManager(961): interceptKeyTi code=4 down=true repeatCount=0 keyguardOn=false mHomePressed=false
04-09 16:11:59.912: D/WindowManager(961): interceptKeyTi code=4 down=true repeatCount=0 keyguardOn=false mHomePressed=false
04-09 16:11:59.951: D/WindowManager(961): interceptKeyTi code=4 down=true repeatCount=0 keyguardOn=false mHomePressed=false
04-09 16:11:59.951: D/WindowManager(961): interceptKeyTi code=4 down=true repeatCount=0 keyguardOn=false mHomePressed=false
04-09 16:11:59.953: D/WindowManager(961): interceptKeyTi code=4 down=true repeatCount=0 keyguardOn=false mHomePressed=false
04-09 16:11:59.953: D/WindowManager(961): interceptKeyTi code=4 down=true repeatCount=0 keyguardOn=false mHomePressed=false
04-09 16:11:59.965: D/WindowManager(961): interceptKeyTi code=4 down=true repeatCount=0 keyguardOn=false mHomePressed=false
04-09 16:11:59.965: D/WindowManager(961): interceptKeyTi code=4 down=true repeatCount=0 keyguardOn=false mHomePressed=false
04-09 16:11:59.965: D/WindowManager(961): interceptKeyTi code=4 down=true repeatCount=0 keyguardOn=false mHomePressed=false
04-09 16:11:59.967: D/WindowManager(961): interceptKeyTi code=4 down=true repeatCount=0 keyguardOn=false mHomePressed=false
04-09 16:11:59.969: D/WindowManager(961): interceptKeyTi code=4 down=true repeatCount=0 keyguardOn=false mHomePressed=false
04-09 16:11:59.977: D/WindowManager(961): interceptKeyTi code=4 down=true repeatCount=0 keyguardOn=false mHomePressed=false
04-09 16:12:00.072: D/WindowManager(961): interceptKeyTi code=4 down=true repeatCount=0 keyguardOn=false mHomePressed=false
04-09 16:12:00.072: D/WindowManager(961): interceptKeyTi code=4 down=true repeatCount=0 keyguardOn=false mHomePressed=false
04-09 16:12:00.072: D/WindowManager(961): interceptKeyTi code=4 down=true repeatCount=0 keyguardOn=false mHomePressed=false
04-09 16:12:00.074: D/WindowManager(961): interceptKeyTi code=4 down=true repeatCount=0 keyguardOn=false mHomePressed=false
04-09 16:12:00.074: D/WindowManager(961): interceptKeyTi code=4 down=true repeatCount=0 keyguardOn=false mHomePressed=false
04-09 16:12:00.074: D/WindowManager(961): interceptKeyTi code=4 down=true repeatCount=0 keyguardOn=false mHomePressed=false
04-09 16:12:00.125: D/WindowManager(961): interceptKeyTi code=4 down=true repeatCount=0 keyguardOn=false mHomePressed=false
04-09 16:12:00.127: D/WindowManager(961): interceptKeyTi code=4 down=true repeatCount=0 keyguardOn=false mHomePressed=false
04-09 16:12:00.127: D/WindowManager(961): interceptKeyTi code=4 down=true repeatCount=0 keyguardOn=false mHomePressed=false
04-09 16:12:00.129: D/WindowManager(961): interceptKeyTi code=4 down=true repeatCount=0 keyguardOn=false mHomePressed=false
04-09 16:12:00.129: D/WindowManager(961): interceptKeyTi code=4 down=true repeatCount=0 keyguardOn=false mHomePressed=false
04-09 16:12:00.129: D/WindowManager(961): interceptKeyTi code=4 down=true repeatCount=0 keyguardOn=false mHomePressed=false
04-09 16:12:00.137: D/WindowManager(961): interceptKeyTi code=4 down=true repeatCount=0 keyguardOn=false mHomePressed=false
04-09 16:12:00.235: D/WindowManager(961): interceptKeyTi code=4 down=true repeatCount=0 keyguardOn=false mHomePressed=false
04-09 16:12:00.235: D/WindowManager(961): interceptKeyTi code=4 down=true repeatCount=0 keyguardOn=false mHomePressed=false
04-09 16:12:00.235: D/WindowManager(961): interceptKeyTi code=4 down=true repeatCount=0 keyguardOn=false mHomePressed=false
04-09 16:12:00.236: D/WindowManager(961): interceptKeyTi code=4 down=true repeatCount=0 keyguardOn=false mHomePressed=false
04-09 16:12:00.236: D/WindowManager(961): interceptKeyTi code=4 down=true repeatCount=0 keyguardOn=false mHomePressed=false
04-09 16:12:00.236: D/WindowManager(961): interceptKeyTi code=4 down=true repeatCount=0 keyguardOn=false mHomePressed=false
04-09 16:12:00.238: D/WindowManager(961): interceptKeyTi code=4 down=true repeatCount=0 keyguardOn=false mHomePressed=false
04-09 16:12:00.289: D/WindowManager(961): interceptKeyTi code=4 down=true repeatCount=0 keyguardOn=false mHomePressed=false
04-09 16:12:00.291: D/WindowManager(961): interceptKeyTi code=4 down=true repeatCount=0 keyguardOn=false mHomePressed=false
04-09 16:12:00.293: D/WindowManager(961): interceptKeyTi code=4 down=true repeatCount=0 keyguardOn=false mHomePressed=false
04-09 16:12:00.293: D/WindowManager(961): interceptKeyTi code=4 down=true repeatCount=0 keyguardOn=false mHomePressed=false
04-09 16:12:00.293: D/WindowManager(961): interceptKeyTi code=4 down=true repeatCount=0 keyguardOn=false mHomePressed=false
04-09 16:12:00.293: D/WindowManager(961): interceptKeyTi code=4 down=true repeatCount=0 keyguardOn=false mHomePressed=false
04-09 16:12:00.293: D/WindowManager(961): interceptKeyTi code=4 down=true repeatCount=0 keyguardOn=false mHomePressed=false
04-09 16:12:00.332: D/WindowManager(961): interceptKeyTi code=4 down=true repeatCount=0 keyguardOn=false mHomePressed=false
04-09 16:12:00.334: D/WindowManager(961): interceptKeyTi code=4 down=true repeatCount=0 keyguardOn=false mHomePressed=false
04-09 16:12:00.334: D/WindowManager(961): interceptKeyTi code=4 down=true repeatCount=0 keyguardOn=false mHomePressed=false
04-09 16:12:00.334: D/WindowManager(961): interceptKeyTi code=4 down=true repeatCount=0 keyguardOn=false mHomePressed=false
04-09 16:12:00.336: D/WindowManager(961): interceptKeyTi code=4 down=true repeatCount=0 keyguardOn=false mHomePressed=false
04-09 16:12:00.336: D/WindowManager(961): interceptKeyTi code=4 down=true repeatCount=0 keyguardOn=false mHomePressed=false
04-09 16:12:00.336: D/WindowManager(961): interceptKeyTi code=4 down=true repeatCount=0 keyguardOn=false mHomePressed=false
04-09 16:12:00.346: D/WindowManager(961): interceptKeyTi code=4 down=true repeatCount=0 keyguardOn=false mHomePressed=false
04-09 16:12:00.348: D/WindowManager(961): interceptKeyTi code=4 down=true repeatCount=0 keyguardOn=false mHomePressed=false
04-09 16:12:00.348: D/WindowManager(961): interceptKeyTi code=4 down=true repeatCount=0 keyguardOn=false mHomePressed=false
04-09 16:12:00.348: D/WindowManager(961): interceptKeyTi code=4 down=true repeatCount=0 keyguardOn=false mHomePressed=false
04-09 16:12:00.348: D/WindowManager(961): interceptKeyTi code=4 down=true repeatCount=0 keyguardOn=false mHomePressed=false
04-09 16:12:00.348: D/WindowManager(961): interceptKeyTi code=4 down=true repeatCount=0 keyguardOn=false mHomePressed=false
04-09 16:12:00.350: D/WindowManager(961): interceptKeyTi code=4 down=true repeatCount=0 keyguardOn=false mHomePressed=false
04-09 16:12:00.358: D/WindowManager(961): interceptKeyTi code=4 down=true repeatCount=0 keyguardOn=false mHomePressed=false
04-09 16:12:00.688: D/WindowManager(961): interceptKeyTi code=4 down=true repeatCount=0 keyguardOn=false mHomePressed=false
04-09 16:12:00.688: W/WindowManager(961): Key dispatching timed out sending to : no window ready for key dispatch
04-09 16:12:00.692: D/WindowManager(961): interceptKeyTi code=4 down=true repeatCount=0 keyguardOn=false mHomePressed=false
04-09 16:12:00.692: W/WindowManager(961): Previous dispatch state: {{KeyEvent{action=1 code=24 repeat=0 meta=0 scancode=115 mFlags=8} to Window{4a2cece0 com.bn.nook.applauncher/com.bn.nook.applauncher.jump.JumpActivity paused=false} @ 1334013068915 lw=Window{4a2cece0 com.bn.nook.applauncher/com.bn.nook.applauncher.jump.JumpActivity paused=false} lb=android.os.BinderProxy@4a22e5a8 fin=false gfw=true ed=true tts=0 wf=false fp=false mcf=Window{4a2cece0 com.bn.nook.applauncher/com.bn.nook.applauncher.jump.JumpActivity paused=false}}}
04-09 16:12:00.692: W/WindowManager(961): Current dispatch state: {{KeyEvent{action=0 code=4 repeat=0 meta=0 scancode=0 mFlags=8} to null @ 1334013120692 lw=null lb=null fin=true gfw=true ed=true tts=0 wf=false fp=false mcf=null}}
04-09 16:12:00.693: D/WindowManager(961): interceptKeyTi code=4 down=true repeatCount=0 keyguardOn=false mHomePressed=false
04-09 16:12:00.693: D/WindowManager(961): interceptKeyTi code=4 down=true repeatCount=0 keyguardOn=false mHomePressed=false
04-09 16:12:00.693: D/WindowManager(961): interceptKeyTi code=4 down=true repeatCount=0 keyguardOn=false mHomePressed=false
04-09 16:12:00.695: D/WindowManager(961): interceptKeyTi code=4 down=true repeatCount=0 keyguardOn=false mHomePressed=false
04-09 16:12:00.695: D/WindowManager(961): interceptKeyTi code=4 down=true repeatCount=0 keyguardOn=false mHomePressed=false
04-09 16:12:00.731: D/WindowManager(961): interceptKeyTi code=4 down=true repeatCount=0 keyguardOn=false mHomePressed=false
04-09 16:12:00.733: D/WindowManager(961): interceptKeyTi code=4 down=true repeatCount=0 keyguardOn=false mHomePressed=false
04-09 16:12:00.733: D/WindowManager(961): interceptKeyTi code=4 down=true repeatCount=0 keyguardOn=false mHomePressed=false
04-09 16:12:00.733: D/WindowManager(961): interceptKeyTi code=4 down=true repeatCount=0 keyguardOn=false mHomePressed=false
04-09 16:12:00.733: D/WindowManager(961): interceptKeyTi code=4 down=true repeatCount=0 keyguardOn=false mHomePressed=false
04-09 16:12:00.733: D/WindowManager(961): interceptKeyTi code=4 down=true repeatCount=0 keyguardOn=false mHomePressed=false
04-09 16:12:00.733: D/WindowManager(961): interceptKeyTi code=4 down=true repeatCount=0 keyguardOn=false mHomePressed=false
04-09 16:12:00.762: D/WindowManager(961): interceptKeyTi code=4 down=true repeatCount=0 keyguardOn=false mHomePressed=false
04-09 16:12:00.762: D/WindowManager(961): interceptKeyTi code=4 down=true repeatCount=0 keyguardOn=false mHomePressed=false
04-09 16:12:00.764: D/WindowManager(961): interceptKeyTi code=4 down=true repeatCount=0 keyguardOn=false mHomePressed=false
04-09 16:12:00.764: D/WindowManager(961): interceptKeyTi code=4 down=true repeatCount=0 keyguardOn=false mHomePressed=false
04-09 16:12:00.764: D/WindowManager(961): interceptKeyTi code=4 down=true repeatCount=0 keyguardOn=false mHomePressed=false
04-09 16:12:00.766: D/WindowManager(961): interceptKeyTi code=4 down=true repeatCount=0 keyguardOn=false mHomePressed=false
04-09 16:12:00.768: D/WindowManager(961): interceptKeyTi code=4 down=true repeatCount=0 keyguardOn=false mHomePressed=false
04-09 16:12:00.768: D/WindowManager(961): interceptKeyTi code=4 down=true repeatCount=0 keyguardOn=false mHomePressed=false
04-09 16:12:00.768: D/WindowManager(961): interceptKeyTi code=4 down=true repeatCount=0 keyguardOn=false mHomePressed=false
04-09 16:12:00.770: D/WindowManager(961): interceptKeyTi code=4 down=true repeatCount=0 keyguardOn=false mHomePressed=false
04-09 16:12:00.770: D/WindowManager(961): interceptKeyTi code=4 down=true repeatCount=0 keyguardOn=false mHomePressed=false
04-09 16:12:00.770: D/WindowManager(961): interceptKeyTi code=4 down=true repeatCount=0 keyguardOn=false mHomePressed=false
04-09 16:12:00.785: I/Process(961): Sending signal. PID: 2796 SIG: 3
04-09 16:12:00.785: I/dalvikvm(2796): threadid=3: reacting to signal 3
04-09 16:12:00.795: I/dalvikvm(2796): Wrote stack traces to '/data/anr/traces.txt'
04-09 16:12:00.795: I/Process(961): Sending signal. PID: 961 SIG: 3
04-09 16:12:00.795: I/dalvikvm(961): threadid=3: reacting to signal 3
04-09 16:12:00.830: I/dalvikvm(961): Wrote stack traces to '/data/anr/traces.txt'
04-09 16:12:00.830: I/Process(961): Sending signal. PID: 1030 SIG: 3
04-09 16:12:00.830: I/dalvikvm(1030): threadid=3: reacting to signal 3
04-09 16:12:00.838: I/dalvikvm(1030): Wrote stack traces to '/data/anr/traces.txt'
04-09 16:12:00.838: I/Process(961): Sending signal. PID: 1240 SIG: 3
04-09 16:12:00.838: I/dalvikvm(1240): threadid=3: reacting to signal 3
04-09 16:12:00.846: I/dalvikvm(1240): Wrote stack traces to '/data/anr/traces.txt'
04-09 16:12:00.846: I/Process(961): Sending signal. PID: 1079 SIG: 3
04-09 16:12:00.846: I/dalvikvm(1079): threadid=3: reacting to signal 3
04-09 16:12:00.852: I/dalvikvm(1079): Wrote stack traces to '/data/anr/traces.txt'
04-09 16:12:00.852: I/Process(961): Sending signal. PID: 1062 SIG: 3
04-09 16:12:00.852: I/dalvikvm(1062): threadid=3: reacting to signal 3
04-09 16:12:00.858: I/dalvikvm(1062): Wrote stack traces to '/data/anr/traces.txt'
04-09 16:12:00.858: I/Process(961): Sending signal. PID: 1333 SIG: 3
04-09 16:12:00.859: I/dalvikvm(1333): threadid=3: reacting to signal 3
04-09 16:12:00.869: I/dalvikvm(1333): Wrote stack traces to '/data/anr/traces.txt'
04-09 16:12:00.869: I/Process(961): Sending signal. PID: 1035 SIG: 3
04-09 16:12:00.869: I/dalvikvm(1035): threadid=3: reacting to signal 3
04-09 16:12:00.879: I/dalvikvm(1035): Wrote stack traces to '/data/anr/traces.txt'
04-09 16:12:00.879: I/Process(961): Sending signal. PID: 1181 SIG: 3
04-09 16:12:00.879: I/dalvikvm(1181): threadid=3: reacting to signal 3
04-09 16:12:00.887: I/dalvikvm(1181): Wrote stack traces to '/data/anr/traces.txt'
04-09 16:12:00.887: I/Process(961): Sending signal. PID: 1198 SIG: 3
04-09 16:12:00.887: I/dalvikvm(1198): threadid=3: reacting to signal 3
04-09 16:12:00.904: I/dalvikvm(1198): Wrote stack traces to '/data/anr/traces.txt'
04-09 16:12:00.904: I/Process(961): Sending signal. PID: 1116 SIG: 3
04-09 16:12:00.904: I/dalvikvm(1116): threadid=3: reacting to signal 3
04-09 16:12:00.914: I/dalvikvm(1116): Wrote stack traces to '/data/anr/traces.txt'
04-09 16:12:00.914: I/Process(961): Sending signal. PID: 2711 SIG: 3
04-09 16:12:00.914: I/dalvikvm(2711): threadid=3: reacting to signal 3
04-09 16:12:00.920: I/dalvikvm(2711): Wrote stack traces to '/data/anr/traces.txt'
04-09 16:12:00.920: I/Process(961): Sending signal. PID: 2705 SIG: 3
04-09 16:12:00.922: I/dalvikvm(2705): threadid=3: reacting to signal 3
04-09 16:12:00.926: I/dalvikvm(2705): Wrote stack traces to '/data/anr/traces.txt'
04-09 16:12:00.926: I/Process(961): Sending signal. PID: 2695 SIG: 3
04-09 16:12:00.928: I/dalvikvm(2695): threadid=3: reacting to signal 3
04-09 16:12:00.932: I/dalvikvm(2695): Wrote stack traces to '/data/anr/traces.txt'
04-09 16:12:00.934: I/Process(961): Sending signal. PID: 1188 SIG: 3
04-09 16:12:00.934: I/dalvikvm(1188): threadid=3: reacting to signal 3
04-09 16:12:00.940: I/dalvikvm(1188): Wrote stack traces to '/data/anr/traces.txt'
04-09 16:12:00.940: I/Process(961): Sending signal. PID: 1196 SIG: 3
04-09 16:12:00.940: I/dalvikvm(1196): threadid=3: reacting to signal 3
04-09 16:12:00.947: D/WindowManager(961): interceptKeyTi code=4 down=true repeatCount=0 keyguardOn=false mHomePressed=false
04-09 16:12:00.949: D/WindowManager(961): interceptKeyTi code=4 down=true repeatCount=0 keyguardOn=false mHomePressed=false
04-09 16:12:00.949: D/WindowManager(961): interceptKeyTi code=4 down=true repeatCount=0 keyguardOn=false mHomePressed=false
04-09 16:12:00.949: D/WindowManager(961): interceptKeyTi code=4 down=true repeatCount=0 keyguardOn=false mHomePressed=false
04-09 16:12:00.951: D/WindowManager(961): interceptKeyTi code=4 down=true repeatCount=0 keyguardOn=false mHomePressed=false
04-09 16:12:00.951: D/WindowManager(961): interceptKeyTi code=4 down=true repeatCount=0 keyguardOn=false mHomePressed=false
04-09 16:12:00.951: D/WindowManager(961): interceptKeyTi code=4 down=true repeatCount=0 keyguardOn=false mHomePressed=false
04-09 16:12:00.957: I/dalvikvm(1196): Wrote stack traces to '/data/anr/traces.txt'
04-09 16:12:00.957: I/Process(961): Sending signal. PID: 1222 SIG: 3
04-09 16:12:00.957: I/dalvikvm(1222): threadid=3: reacting to signal 3
04-09 16:12:00.963: I/dalvikvm(1222): Wrote stack traces to '/data/anr/traces.txt'
04-09 16:12:00.963: I/Process(961): Sending signal. PID: 1089 SIG: 3
04-09 16:12:00.963: I/dalvikvm(1089): threadid=3: reacting to signal 3
04-09 16:12:00.969: I/dalvikvm(1089): Wrote stack traces to '/data/anr/traces.txt'
04-09 16:12:00.969: I/Process(961): Sending signal. PID: 1144 SIG: 3
04-09 16:12:00.971: I/dalvikvm(1144): threadid=3: reacting to signal 3
04-09 16:12:00.975: I/dalvikvm(1144): Wrote stack traces to '/data/anr/traces.txt'
04-09 16:12:00.975: I/Process(961): Sending signal. PID: 1161 SIG: 3
04-09 16:12:00.975: I/dalvikvm(1161): threadid=3: reacting to signal 3
04-09 16:12:00.983: I/dalvikvm(1161): Wrote stack traces to '/data/anr/traces.txt'
04-09 16:12:00.983: I/Process(961): Sending signal. PID: 1053 SIG: 3
04-09 16:12:00.984: I/dalvikvm(1053): threadid=3: reacting to signal 3
04-09 16:12:00.990: I/dalvikvm(1053): Wrote stack traces to '/data/anr/traces.txt'
04-09 16:12:00.990: I/Process(961): Sending signal. PID: 1173 SIG: 3
04-09 16:12:00.990: I/dalvikvm(1173): threadid=3: reacting to signal 3
04-09 16:12:00.994: I/dalvikvm(1173): Wrote stack traces to '/data/anr/traces.txt'
04-09 16:12:00.996: I/Process(961): Sending signal. PID: 1033 SIG: 3
04-09 16:12:00.996: I/dalvikvm(1033): threadid=3: reacting to signal 3
04-09 16:12:01.006: I/dalvikvm(1033): Wrote stack traces to '/data/anr/traces.txt'
04-09 16:12:01.012: E/ActivityManager(961): ANR in com.appcelerator.kitchensinknook (com.appcelerator.kitchensinknook/org.appcelerator.titanium.TiActivity)
04-09 16:12:01.012: E/ActivityManager(961): Reason: keyDispatchingTimedOut
04-09 16:12:01.012: E/ActivityManager(961): Load: 0.73 / 0.24 / 0.33
04-09 16:12:01.012: E/ActivityManager(961): CPU usage from 14442ms to 3289ms ago:
04-09 16:12:01.012: E/ActivityManager(961): system_server: 1% = 1% user + 0% kernel / faults: 3 minor
04-09 16:12:01.012: E/ActivityManager(961): tiwlan_wq: 0% = 0% user + 0% kernel
04-09 16:12:01.012: E/ActivityManager(961): kitchensinknook: 0% = 0% user + 0% kernel
04-09 16:12:01.012: E/ActivityManager(961): m.bn.nook.email: 0% = 0% user + 0% kernel
04-09 16:12:01.012: E/ActivityManager(961): events/0: 0% = 0% user + 0% kernel
04-09 16:12:01.012: E/ActivityManager(961): m.android.phone: 0% = 0% user + 0% kernel
04-09 16:12:01.012: E/ActivityManager(961): TOTAL: 2% = 1% user + 1% kernel
04-09 16:12:01.031: D/WindowManager(961): interceptKeyTi code=4 down=true repeatCount=0 keyguardOn=false mHomePressed=false
04-09 16:12:01.031: D/WindowManager(961): interceptKeyTi code=4 down=true repeatCount=0 keyguardOn=false mHomePressed=false
04-09 16:12:01.033: D/WindowManager(961): interceptKeyTi code=4 down=true repeatCount=0 keyguardOn=false mHomePressed=false
04-09 16:12:01.033: D/WindowManager(961): interceptKeyTi code=4 down=true repeatCount=0 keyguardOn=false mHomePressed=false
04-09 16:12:01.033: D/WindowManager(961): interceptKeyTi code=4 down=true repeatCount=0 keyguardOn=false mHomePressed=false
04-09 16:12:01.035: D/WindowManager(961): interceptKeyTi code=4 down=true repeatCount=0 keyguardOn=false mHomePressed=false
04-09 16:12:01.035: D/WindowManager(961): interceptKeyTi code=4 down=true repeatCount=0 keyguardOn=false mHomePressed=false
04-09 16:12:01.057: D/WindowManager(961): interceptKeyTi code=4 down=true repeatCount=0 keyguardOn=false mHomePressed=false
04-09 16:12:01.068: W/WindowManager(961): No focus window, dropping: KeyEvent{action=0 code=4 repeat=0 meta=0 scancode=0 mFlags=8}
04-09 16:12:01.229: D/dalvikvm(961): JIT code cache reset in 13 ms (1048484 bytes 2/0)
04-09 16:12:01.246: D/dalvikvm(961): GC_FOR_MALLOC freed 7811 objects / 439896 bytes in 175ms
04-09 16:12:01.246: I/dalvikvm-heap(961): Grow heap (frag case) to 5.480MB for 147356-byte allocation
04-09 16:12:01.412: D/dalvikvm(961): GC_FOR_MALLOC freed 733 objects / 48160 bytes in 164ms
04-09 16:12:01.443: D/WindowManager(961): interceptKeyTi code=4 down=true repeatCount=0 keyguardOn=false mHomePressed=false
04-09 16:12:01.443: D/WindowManager(961): interceptKeyTi code=4 down=true repeatCount=0 keyguardOn=false mHomePressed=false
04-09 16:12:01.445: D/WindowManager(961): interceptKeyTi code=4 down=true repeatCount=0 keyguardOn=false mHomePressed=false
04-09 16:12:01.445: D/WindowManager(961): interceptKeyTi code=4 down=true repeatCount=0 keyguardOn=false mHomePressed=false
04-09 16:12:01.445: D/WindowManager(961): interceptKeyTi code=4 down=true repeatCount=0 keyguardOn=false mHomePressed=false
04-09 16:12:01.447: D/WindowManager(961): interceptKeyTi code=4 down=true repeatCount=0 keyguardOn=false mHomePressed=false
04-09 16:12:01.449: D/WindowManager(961): interceptKeyTi code=4 down=true repeatCount=0 keyguardOn=false mHomePressed=false
04-09 16:12:01.604: D/dalvikvm(961): GC_FOR_MALLOC freed 307 objects / 164408 bytes in 152ms
04-09 16:12:01.613: I/dalvikvm-heap(961): Grow heap (frag case) to 5.635MB for 294696-byte allocation
04-09 16:12:01.774: D/dalvikvm(961): GC_FOR_MALLOC freed 218 objects / 8504 bytes in 159ms
04-09 16:12:01.774: D/WindowManager(961): interceptKeyTi code=4 down=true repeatCount=0 keyguardOn=false mHomePressed=false
04-09 16:12:01.774: D/WindowManager(961): interceptKeyTi code=4 down=true repeatCount=0 keyguardOn=false mHomePressed=false
04-09 16:12:01.776: D/WindowManager(961): interceptKeyTi code=4 down=true repeatCount=0 keyguardOn=false mHomePressed=false
04-09 16:12:01.779: D/WindowManager(961): interceptKeyTi code=4 down=true repeatCount=0 keyguardOn=false mHomePressed=false
04-09 16:12:01.783: D/WindowManager(961): interceptKeyTi code=4 down=true repeatCount=0 keyguardOn=false mHomePressed=false
04-09 16:12:01.961: D/dalvikvm(961): GC_FOR_MALLOC freed 431 objects / 427488 bytes in 154ms
04-09 16:12:01.961: D/WindowManager(961): interceptKeyTi code=4 down=true repeatCount=0 keyguardOn=false mHomePressed=false
04-09 16:12:01.961: D/WindowManager(961): interceptKeyTi code=4 down=true repeatCount=0 keyguardOn=false mHomePressed=false
04-09 16:12:01.963: D/WindowManager(961): interceptKeyTi code=4 down=true repeatCount=0 keyguardOn=false mHomePressed=false
04-09 16:12:01.971: D/WindowManager(961): interceptKeyTi code=4 down=true repeatCount=0 keyguardOn=false mHomePressed=false
04-09 16:12:01.971: D/WindowManager(961): interceptKeyTi code=4 down=true repeatCount=0 keyguardOn=false mHomePressed=false
04-09 16:12:01.971: D/WindowManager(961): interceptKeyTi code=4 down=true repeatCount=0 keyguardOn=false mHomePressed=false
04-09 16:12:01.971: D/WindowManager(961): interceptKeyTi code=4 down=true repeatCount=0 keyguardOn=false mHomePressed=false
04-09 16:12:01.973: D/WindowManager(961): interceptKeyTi code=4 down=true repeatCount=0 keyguardOn=false mHomePressed=false
04-09 16:12:01.986: D/WindowManager(961): interceptKeyTi code=4 down=true repeatCount=0 keyguardOn=false mHomePressed=false
04-09 16:12:01.988: D/WindowManager(961): interceptKeyTi code=4 down=true repeatCount=0 keyguardOn=false mHomePressed=false
04-09 16:12:01.988: D/WindowManager(961): interceptKeyTi code=4 down=true repeatCount=0 keyguardOn=false mHomePressed=false
04-09 16:12:01.988: D/WindowManager(961): interceptKeyTi code=4 down=true repeatCount=0 keyguardOn=false mHomePressed=false
04-09 16:12:01.988: D/WindowManager(961): interceptKeyTi code=4 down=true repeatCount=0 keyguardOn=false mHomePressed=false
04-09 16:12:01.988: D/WindowManager(961): interceptKeyTi code=4 down=true repeatCount=0 keyguardOn=false mHomePressed=false
04-09 16:12:01.990: D/WindowManager(961): interceptKeyTi code=4 down=true repeatCount=0 keyguardOn=false mHomePressed=false
04-09 16:12:01.990: D/WindowManager(961): interceptKeyTi code=4 down=true repeatCount=0 keyguardOn=false mHomePressed=false
04-09 16:12:01.990: D/WindowManager(961): interceptKeyTi code=4 down=true repeatCount=0 keyguardOn=false mHomePressed=false
04-09 16:12:01.992: D/WindowManager(961): interceptKeyTi code=4 down=true repeatCount=0 keyguardOn=false mHomePressed=false
04-09 16:12:01.992: D/WindowManager(961): interceptKeyTi code=4 down=true repeatCount=0 keyguardOn=false mHomePressed=false
04-09 16:12:01.992: D/WindowManager(961): interceptKeyTi code=4 down=true repeatCount=0 keyguardOn=false mHomePressed=false
04-09 16:12:01.992: D/WindowManager(961): interceptKeyTi code=4 down=true repeatCount=0 keyguardOn=false mHomePressed=false
04-09 16:12:01.994: D/WindowManager(961): interceptKeyTi code=4 down=true repeatCount=0 keyguardOn=false mHomePressed=false
04-09 16:12:01.994: D/WindowManager(961): interceptKeyTi code=4 down=true repeatCount=0 keyguardOn=false mHomePressed=false
04-09 16:12:01.994: D/WindowManager(961): interceptKeyTi code=4 down=true repeatCount=0 keyguardOn=false mHomePressed=false
04-09 16:12:01.994: D/WindowManager(961): interceptKeyTi code=4 down=true repeatCount=0 keyguardOn=false mHomePressed=false
04-09 16:12:01.994: D/WindowManager(961): interceptKeyTi code=4 down=true repeatCount=0 keyguardOn=false mHomePressed=false
04-09 16:12:01.996: D/WindowManager(961): interceptKeyTi code=4 down=true repeatCount=0 keyguardOn=false mHomePressed=false
04-09 16:12:02.004: D/WindowManager(961): interceptKeyTi code=4 down=true repeatCount=0 keyguardOn=false mHomePressed=false
04-09 16:12:02.006: D/WindowManager(961): interceptKeyTi code=4 down=true repeatCount=0 keyguardOn=false mHomePressed=false
04-09 16:12:02.006: D/WindowManager(961): interceptKeyTi code=4 down=true repeatCount=0 keyguardOn=false mHomePressed=false
04-09 16:12:02.006: D/WindowManager(961): interceptKeyTi code=4 down=true repeatCount=0 keyguardOn=false mHomePressed=false
04-09 16:12:02.006: D/WindowManager(961): interceptKeyTi code=4 down=true repeatCount=0 keyguardOn=false mHomePressed=false
04-09 16:12:02.006: D/WindowManager(961): interceptKeyTi code=4 down=true repeatCount=0 keyguardOn=false mHomePressed=false
04-09 16:12:02.006: D/WindowManager(961): interceptKeyTi code=4 down=true repeatCount=0 keyguardOn=false mHomePressed=false
04-09 16:12:02.006: D/WindowManager(961): interceptKeyTi code=4 down=true repeatCount=0 keyguardOn=false mHomePressed=false
04-09 16:12:02.008: D/WindowManager(961): interceptKeyTi code=4 down=true repeatCount=0 keyguardOn=false mHomePressed=false
04-09 16:12:02.008: D/WindowManager(961): interceptKeyTi code=4 down=true repeatCount=0 keyguardOn=false mHomePressed=false
04-09 16:12:02.088: D/dalvikvm(961): GC_FOR_MALLOC freed 356 objects / 329944 bytes in 74ms
04-09 16:12:02.090: D/WindowManager(961): interceptKeyTi code=4 down=true repeatCount=0 keyguardOn=false mHomePressed=false
04-09 16:12:02.090: D/WindowManager(961): interceptKeyTi code=4 down=true repeatCount=0 keyguardOn=false mHomePressed=false
04-09 16:12:02.090: D/DeviceManagerBroadcastReceiver(1181): action (com.bn.devicemanager.ACTION_HANDLE_ANR)
04-09 16:12:02.090: D/DeviceManagerBroadcastReceiver(1181): Sending Message... ({ what=6 when=0 })
04-09 16:12:02.090: D/WindowManager(961): interceptKeyTi code=4 down=true repeatCount=0 keyguardOn=false mHomePressed=false
04-09 16:12:02.090: D/WindowManager(961): interceptKeyTi code=4 down=true repeatCount=0 keyguardOn=false mHomePressed=false
04-09 16:12:02.090: D/WindowManager(961): interceptKeyTi code=4 down=true repeatCount=0 keyguardOn=false mHomePressed=false
04-09 16:12:02.092: D/WindowManager(961): interceptKeyTi code=4 down=true repeatCount=0 keyguardOn=false mHomePressed=false
04-09 16:12:02.092: D/WindowManager(961): interceptKeyTi code=4 down=true repeatCount=0 keyguardOn=false mHomePressed=false
04-09 16:12:02.092: D/WindowManager(961): interceptKeyTi code=4 down=true repeatCount=0 keyguardOn=false mHomePressed=false
04-09 16:12:02.092: D/WindowManager(961): interceptKeyTi code=4 down=true repeatCount=0 keyguardOn=false mHomePressed=false
04-09 16:12:02.094: D/WindowManager(961): interceptKeyTi code=4 down=true repeatCount=0 keyguardOn=false mHomePressed=false
04-09 16:12:02.094: D/WindowManager(961): interceptKeyTi code=4 down=true repeatCount=0 keyguardOn=false mHomePressed=false
04-09 16:12:02.094: D/DeviceManagerBroadcastReceiver(1181): Action: com.bn.devicemanager.ACTION_HANDLE_ANR
04-09 16:12:02.094: D/DeviceManagerBroadcastReceiver(1181): Set Alarm: false
04-09 16:12:02.108: I/SurfaceFlinger(961):
04-09 16:12:02.108: I/SurfaceFlinger(961): SurfaceFlinger::createSurface() : layer->mIdentity=183, LayerName= Sorry!
04-09 16:12:02.108: I/SurfaceFlinger(961): SurfaceFlinger::createSurface() : layer->clientIndex=0, surfaceHandle->mToken=0x0
04-09 16:12:02.129: D/WindowManager(961): interceptKeyTi code=4 down=true repeatCount=0 keyguardOn=false mHomePressed=false
04-09 16:12:02.129: D/WindowManager(961): interceptKeyTi code=4 down=true repeatCount=0 keyguardOn=false mHomePressed=false
04-09 16:12:02.131: D/WindowManager(961): interceptKeyTi code=4 down=true repeatCount=0 keyguardOn=false mHomePressed=false
04-09 16:12:02.133: D/WindowManager(961): interceptKeyTi code=4 down=false repeatCount=0 keyguardOn=false mHomePressed=false
04-09 16:12:02.133: W/WindowManager(961): No window to dispatch pointer action 1
04-09 16:12:02.135: D/WindowManager(961): interceptKeyTi code=4 down=true repeatCount=0 keyguardOn=false mHomePressed=false
04-09 16:12:02.137: D/WindowManager(961): interceptKeyTi code=4 down=true repeatCount=0 keyguardOn=false mHomePressed=false
04-09 16:12:02.139: D/WindowManager(961): interceptKeyTi code=4 down=true repeatCount=0 keyguardOn=false mHomePressed=false
04-09 16:12:02.141: D/WindowManager(961): interceptKeyTi code=4 down=true repeatCount=0 keyguardOn=false mHomePressed=false
04-09 16:12:02.143: D/WindowManager(961): interceptKeyTi code=4 down=true repeatCount=0 keyguardOn=false mHomePressed=false
04-09 16:12:02.145: D/WindowManager(961): interceptKeyTi code=4 down=true repeatCount=0 keyguardOn=false mHomePressed=false
04-09 16:12:02.145: D/WindowManager(961): interceptKeyTi code=4 down=true repeatCount=0 keyguardOn=false mHomePressed=false
04-09 16:12:02.145: D/WindowManager(961): interceptKeyTi code=4 down=true repeatCount=0 keyguardOn=false mHomePressed=false
04-09 16:12:02.147: D/WindowManager(961): interceptKeyTi code=4 down=false repeatCount=0 keyguardOn=false mHomePressed=false
04-09 16:12:02.219: D/WindowManager(961): interceptKeyTi code=4 down=false repeatCount=0 keyguardOn=false mHomePressed=false
04-09 16:12:02.223: D/WindowManager(961): interceptKeyTi code=4 down=false repeatCount=0 keyguardOn=false mHomePressed=false
04-09 16:12:02.225: D/WindowManager(961): interceptKeyTi code=4 down=false repeatCount=0 keyguardOn=false mHomePressed=false
04-09 16:12:02.227: D/WindowManager(961): interceptKeyTi code=4 down=false repeatCount=0 keyguardOn=false mHomePressed=false
04-09 16:12:02.227: D/WindowManager(961): interceptKeyTi code=4 down=true repeatCount=0 keyguardOn=false mHomePressed=false
04-09 16:12:02.236: D/WindowManager(961): interceptKeyTi code=4 down=false repeatCount=0 keyguardOn=false mHomePressed=false
04-09 16:12:02.238: D/WindowManager(961): interceptKeyTi code=4 down=false repeatCount=0 keyguardOn=false mHomePressed=false
04-09 16:12:02.240: D/WindowManager(961): interceptKeyTi code=4 down=false repeatCount=0 keyguardOn=false mHomePressed=false
04-09 16:12:02.242: D/WindowManager(961): interceptKeyTi code=4 down=false repeatCount=0 keyguardOn=false mHomePressed=false
04-09 16:12:02.242: D/WindowManager(961): interceptKeyTi code=4 down=false repeatCount=0 keyguardOn=false mHomePressed=false
04-09 16:12:02.250: D/WindowManager(961): interceptKeyTi code=4 down=false repeatCount=0 keyguardOn=false mHomePressed=false
04-09 16:12:03.092: D/DeviceManagerProvider(1181): query(): uri (content://com.bn.provider.devicemanagerprovider/registry?notify=false)
04-09 16:12:03.092: D/DeviceManagerProvider(1181): query(): selection (name = 'com.bn.device.fota.mode')
04-09 16:12:03.092: D/DeviceManagerProvider(1181): query(): selectionArgs (null)
04-09 16:12:03.092: D/DeviceManagerProvider(1181): query(): Product.BN_FEATURE_ROM_TOKENS_ENABLED (true)
04-09 16:12:03.092: D/DeviceManagerProvider(1181): query(): Table (registry)
04-09 16:12:03.092: D/DeviceManagerProvider(1181): Query from ROM Token!
04-09 16:12:03.092: D/DeviceManagerProvider(1181): query(): name after()
04-09 16:12:03.092: D/DeviceManagerProvider(1181): deviceInfoQuery: uri (content://com.bn.provider.devicemanagerprovider/registry?notify=false)
04-09 16:12:03.092: D/DeviceManagerProvider(1181): deviceInfoQuery: return false
04-09 16:12:03.100: D/Utils(1181): getRegistryValue(): Name = com.bn.device.fota.mode Value: auto
04-09 16:12:03.109: D/Utils(1181): FOTA mode: auto
04-09 16:12:03.109: I/DeviceManagerHandler(1181): HandleMessage(): msg.what (6)
04-09 16:12:03.109: D/DeviceManagerHandler(1181): HandleMessage(): Handling ANR
04-09 16:12:03.111: D/AnrParser(1181): +start
04-09 16:12:03.129: I/global(1181): Default buffer size used in BufferedWriter constructor. It would be better to be explicit if an 8k-char buffer is required.
04-09 16:12:03.531: D/dalvikvm(1181): GC_FOR_MALLOC freed 7379 objects / 501832 bytes in 275ms
04-09 16:12:03.576: D/AnrParser(1181): Waiting kernel log . . . 1
04-09 16:12:03.576: D/Logcatter(1181): continues? false done? false
04-09 16:12:03.576: D/Logcatter(1181): LOG AUTO END.
04-09 16:12:03.576: D/Logcatter(1181): Verbose level
04-09 16:12:03.590: D/Logcatter(1181): compress? false
04-09 16:12:03.658: D/Logcatter(1181): Log file: /data/anr/anrlogs/com.appcelerator.kitchensinknook-logcat.log
04-09 16:12:03.869: D/dalvikvm(1181): GC_FOR_MALLOC freed 5385 objects / 514664 bytes in 44ms
04-09 16:12:03.877: D/Logcatter(1181): LOG END.
04-09 16:12:03.877: D/Logcatter(1181): LOG STOP.
04-09 16:12:03.877: I/Logcatter(1181): Total lines: 1285
04-09 16:12:03.879: D/Logcatter(1181): Closing file
04-09 16:12:03.879: D/Logcatter(1181): +closeFile
04-09 16:12:03.881: D/Logcatter(1181): -closeFile
04-09 16:12:03.881: D/Logcatter(1181): Capture Dmesg
04-09 16:12:04.014: D/dalvikvm(1181): GC_FOR_MALLOC freed 7956 objects / 523760 bytes in 38ms
04-09 16:12:04.024: D/Logcatter(1181): Logcat done=true
04-09 16:12:05.578: D/Utils(1181): Copy From: /data/kdebug/kdebug.log
04-09 16:12:05.578: D/Utils(1181): Copy To: /data/anr/anrlogs/dmesg-20120409-161203.log
04-09 16:12:05.578: D/AnrParser(1181): No crashlogs to parse /data/kdebug/kdebug.log (No such file or directory)
04-09 16:12:05.578: D/AnrParser(1181): -start
04-09 16:12:05.580: D/DeviceManagerProvider(1181): query(): uri (content://com.bn.provider.devicemanagerprovider/crashlogs)
04-09 16:12:05.580: D/DeviceManagerProvider(1181): query(): selection (null)
04-09 16:12:05.580: D/DeviceManagerProvider(1181): query(): selectionArgs (null)
04-09 16:12:05.580: D/DeviceManagerProvider(1181): query(): Product.BN_FEATURE_ROM_TOKENS_ENABLED (true)
04-09 16:12:05.580: D/DeviceManagerProvider(1181): query(): Table (crashlogs)
04-09 16:12:05.598: D/DeviceManagerUtil(1181): All crash summary files:
04-09 16:12:05.598: D/DeviceManagerUtil(1181): /data/anr/summary/FAULT_SUMMARY_com.appcelerator.kitchensinknook_2011-12-16_14:34:30_PST.zip
04-09 16:12:05.598: D/DeviceManagerUtil(1181): /data/anr/summary/FAULT_SUMMARY_com.appcelerator.kitchensinknook_2011-12-16_15:51:30_PST.zip
04-09 16:12:05.598: D/DeviceManagerUtil(1181): /data/anr/summary/FAULT_SUMMARY_com.appcelerator.kitchensinknook_2011-12-20_17:06:34_PST.zip
04-09 16:12:05.598: D/DeviceManagerUtil(1181): Inaccessible crash summary files:
04-09 16:12:08.684: W/ActivityManager(961): Force finishing activity com.appcelerator.kitchensinknook/org.appcelerator.titanium.TiActivity
04-09 16:12:08.690: I/Process(961): Sending signal. PID: 2796 SIG: 9
04-09 16:12:08.690: I/ActivityManager(961): Killing com.appcelerator.kitchensinknook (pid=2796): user's request
04-09 16:12:08.758: I/ActivityManager(961): Process com.appcelerator.kitchensinknook (pid 2796) has died.
04-09 16:12:08.768: I/WindowManager(961): WIN DEATH: Window{4a2100e0 com.appcelerator.kitchensinknook/com.appcelerator.kitchensinknook.KitchensinkNookActivity paused=false}
04-09 16:12:08.774: I/WindowManager(961): WIN DEATH: Window{4a3d1060 com.appcelerator.kitchensinknook/ti.modules.titanium.ui.TiTabActivity paused=false}
04-09 16:12:09.022: D/dalvikvm(961): GC_EXTERNAL_ALLOC freed 1121 objects / 639040 bytes in 205ms
04-09 16:12:09.022: I/ActivityManager(961): Start proc com.appcelerator.kitchensinknook for activity com.appcelerator.kitchensinknook/.KitchensinkNookActivity: pid=4257 uid=10026 gids={1015, 3003}
04-09 16:12:09.289: I/SurfaceFlinger(961):
04-09 16:12:09.289: I/SurfaceFlinger(961): SurfaceFlinger::createSurface() : layer->mIdentity=184, LayerName= Starting com.appcelerator.kitchensinknook
04-09 16:12:09.289: I/SurfaceFlinger(961): SurfaceFlinger::createSurface() : layer->clientIndex=0, surfaceHandle->mToken=0x0
04-09 16:12:09.402: I/TiApplication(4257): (main) [0,0] checkpoint, app created.
04-09 16:12:09.512: D/dalvikvm(4257): GC_FOR_MALLOC freed 2480 objects / 202656 bytes in 57ms
04-09 16:12:09.568: D/dalvikvm(4257): GC_FOR_MALLOC freed 134 objects / 223880 bytes in 47ms
04-09 16:12:09.664: D/dalvikvm(4257): GC_FOR_MALLOC freed 1113 objects / 348792 bytes in 34ms
04-09 16:12:09.848: D/dalvikvm(4257): GC_FOR_MALLOC freed 3143 objects / 245968 bytes in 38ms
04-09 16:12:09.899: I/TiApplication(4257): (main) [496,496] Titanium 2.0.1 (2012/04/07 20:18 f64f23f)
04-09 16:12:09.940: I/TiApplication(4257): (main) [40,536] Titanium Javascript runtime: v8
04-09 16:12:09.947: D/dalvikvm(4257): Trying to load lib /data/data/com.appcelerator.kitchensinknook/lib/libstlport_shared.so 0x4a168998
04-09 16:12:09.949: D/dalvikvm(4257): Added shared lib /data/data/com.appcelerator.kitchensinknook/lib/libstlport_shared.so 0x4a168998
04-09 16:12:09.951: D/dalvikvm(4257): No JNI_OnLoad found in /data/data/com.appcelerator.kitchensinknook/lib/libstlport_shared.so 0x4a168998, skipping init
04-09 16:12:09.951: D/dalvikvm(4257): Trying to load lib /data/data/com.appcelerator.kitchensinknook/lib/libkroll-v8.so 0x4a168998
04-09 16:12:09.963: I/TiRootActivity(4257): (main) [0,0] checkpoint, on root activity create, savedInstanceState: Bundle[mParcelledData.dataSize=204]
04-09 16:12:09.969: D/dalvikvm(4257): Added shared lib /data/data/com.appcelerator.kitchensinknook/lib/libkroll-v8.so 0x4a168998
04-09 16:12:10.572: E/TiApplication(4257): (KrollRuntimeThread) [611,611] APP PROXY: ti.modules.titanium.app.AppModule@4a2baa78
04-09 16:12:10.606: W/V8Object(4257): Runtime disposed, cannot set property 'userAgent'
04-09 16:12:10.721: D/dalvikvm(4257): GC_FOR_MALLOC freed 5046 objects / 455608 bytes in 40ms
04-09 16:12:11.092: I/ActivityManager(961): Starting activity: Intent { cmp=com.appcelerator.kitchensinknook/ti.modules.titanium.ui.TiTabActivity (has extras) }
04-09 16:12:11.248: D/dalvikvm(4257): GC_EXTERNAL_ALLOC freed 1416 objects / 96336 bytes in 101ms
04-09 16:12:11.502: I/TiRootActivity(4257): (main) [0,0] checkpoint, on root activity resume. activity = com.appcelerator.kitchensinknook.KitchensinkNookActivity@4a2a1dc0
04-09 16:12:11.650: W/TiTabActivity(4257): (main) [149,149] Notifying TiTabGroup, activity is created
04-09 16:12:11.654: I/SurfaceFlinger(961):
04-09 16:12:11.654: I/SurfaceFlinger(961): SurfaceFlinger::createSurface() : layer->mIdentity=185, LayerName= com.appcelerator.kitchensinknook/ti.modules.titanium.ui.TiTabActivity
04-09 16:12:11.654: I/SurfaceFlinger(961): SurfaceFlinger::createSurface() : layer->clientIndex=0, surfaceHandle->mToken=0x0
04-09 16:12:11.801: D/TiUIView(4257): (main) [149,298] Nativeview is null
04-09 16:12:11.803: D/Window(4257): Loading window with URL: main_windows/base_ui.js
04-09 16:12:11.848: D/Module(4257): Loading module: main_windows/base_ui -> Resources/main_windows/base_ui.js
04-09 16:12:12.141: D/dalvikvm(4257): GC_FOR_MALLOC freed 2802 objects / 377048 bytes in 110ms
04-09 16:12:12.285: W/InputManagerService(961): Starting input on non-focused client com.android.internal.view.IInputMethodClient$Stub$Proxy@4a1f8688 (uid=10024 pid=1240)
04-09 16:12:12.502: I/ActivityManager(961): Displayed activity com.appcelerator.kitchensinknook/ti.modules.titanium.ui.TiTabActivity: 951 ms (total 3711 ms)
04-09 16:12:12.514: D/TiUIView(4257): (main) [713,1011] Nativeview is null
04-09 16:12:16.631: D/DeviceManagerBroadcastReceiver(1181): Updated Battery Level: 100
04-09 16:12:16.631: D/DeviceManagerBroadcastReceiver(1181): Action: android.intent.action.BATTERY_CHANGED
04-09 16:12:16.631: D/DeviceManagerBroadcastReceiver(1181): Set Alarm: false
04-09 16:12:16.649: D/WifiService(961): ACTION_BATTERY_CHANGED pluggedType: 0
04-09 16:12:40.072: W/TiAnalyticsSvc(4257): (Thread-11) [27556,28567] Analytics Service Started
04-09 16:12:40.192: I/TiAnalyticsSvc(4257): (Thread-11) [121,28688] Sending 1 analytics events.
04-09 16:12:41.951: D/dalvikvm(4257): GC_FOR_MALLOC freed 5514 objects / 371224 bytes in 127ms
04-09 16:12:42.098: D/dalvikvm(4257): GC_FOR_MALLOC freed 2755 objects / 145576 bytes in 45ms
04-09 16:12:42.346: W/TiAnalyticsSvc(4257): (Thread-11) [2155,30843] Stopping Analytics Service
04-09 16:12:46.627: D/DeviceManagerBroadcastReceiver(1181): Updated Battery Level: 100
04-09 16:12:46.627: D/DeviceManagerBroadcastReceiver(1181): Action: android.intent.action.BATTERY_CHANGED
04-09 16:12:46.627: D/DeviceManagerBroadcastReceiver(1181): Set Alarm: false
04-09 16:12:46.656: D/WifiService(961): ACTION_BATTERY_CHANGED pluggedType: 0