04-09 16:09:36.503: D/WifiService(961): MESSAGE_STOP_WIFI: Last WifiLock released. Stop Driver
04-09 16:09:36.772: E/StatusBarPolicy(961): BN_Notification enabled. Status = 3
04-09 16:09:36.796: I/ActivityManager(961): Starting activity: Intent { flg=0x10000000 cmp=android/com.android.server.status.UmsServerActivity }
04-09 16:09:36.800: D/ConnectivityService(961): ConnectivityChange for WIFI: DISCONNECTED/IDLE
04-09 16:09:36.802: D/ConnectivityService(961): getMobileDataEnabled returning true
04-09 16:09:37.030: E/StatusBarPolicy(961): BN_Notification enabled. Status = 6
04-09 16:09:37.810: I/ActivityManager(961): Starting activity: Intent { flg=0x10000000 cmp=android/com.android.server.status.UmsServerActivity }
04-09 16:09:38.821: I/ActivityManager(961): Starting activity: Intent { flg=0x10000000 cmp=android/com.android.server.status.UmsServerActivity }
04-09 16:09:39.858: I/ActivityManager(961): Starting activity: Intent { flg=0x10000000 cmp=android/com.android.server.status.UmsServerActivity }
04-09 16:09:40.868: I/ActivityManager(961): Starting activity: Intent { flg=0x10000000 cmp=android/com.android.server.status.UmsServerActivity }
04-09 16:09:41.882: I/ActivityManager(961): Starting activity: Intent { flg=0x10000000 cmp=android/com.android.server.status.UmsServerActivity }
04-09 16:09:42.891: I/ActivityManager(961): Starting activity: Intent { flg=0x10000000 cmp=android/com.android.server.status.UmsServerActivity }
04-09 16:09:43.902: I/ActivityManager(961): Starting activity: Intent { flg=0x10000000 cmp=android/com.android.server.status.UmsServerActivity }
04-09 16:09:44.937: I/ActivityManager(961): Starting activity: Intent { flg=0x10000000 cmp=android/com.android.server.status.UmsServerActivity }
04-09 16:09:45.948: I/ActivityManager(961): Starting activity: Intent { flg=0x10000000 cmp=android/com.android.server.status.UmsServerActivity }
04-09 16:09:46.591: D/WifiService(961): MESSAGE_STOP_WIFI: Last WifiLock released. Stop Driver
04-09 16:09:46.598: D/WifiService(961): ACTION_BATTERY_CHANGED pluggedType: 0
04-09 16:09:46.960: I/ActivityManager(961): Starting activity: Intent { flg=0x10000000 cmp=android/com.android.server.status.UmsServerActivity }
04-09 16:09:47.972: I/ActivityManager(961): Starting activity: Intent { flg=0x10000000 cmp=android/com.android.server.status.UmsServerActivity }
04-09 16:09:48.982: I/ActivityManager(961): Starting activity: Intent { flg=0x10000000 cmp=android/com.android.server.status.UmsServerActivity }
04-09 16:09:50.017: I/ActivityManager(961): Starting activity: Intent { flg=0x10000000 cmp=android/com.android.server.status.UmsServerActivity }
04-09 16:09:51.030: I/ActivityManager(961): Starting activity: Intent { flg=0x10000000 cmp=android/com.android.server.status.UmsServerActivity }
04-09 16:09:52.042: I/ActivityManager(961): Starting activity: Intent { flg=0x10000000 cmp=android/com.android.server.status.UmsServerActivity }
04-09 16:09:53.052: I/ActivityManager(961): Starting activity: Intent { flg=0x10000000 cmp=android/com.android.server.status.UmsServerActivity }
04-09 16:09:54.063: I/ActivityManager(961): Starting activity: Intent { flg=0x10000000 cmp=android/com.android.server.status.UmsServerActivity }
04-09 16:09:55.097: I/ActivityManager(961): Starting activity: Intent { flg=0x10000000 cmp=android/com.android.server.status.UmsServerActivity }
04-09 16:09:56.108: I/ActivityManager(961): Starting activity: Intent { flg=0x10000000 cmp=android/com.android.server.status.UmsServerActivity }
04-09 16:09:57.120: I/ActivityManager(961): Starting activity: Intent { flg=0x10000000 cmp=android/com.android.server.status.UmsServerActivity }
04-09 16:09:58.130: I/ActivityManager(961): Starting activity: Intent { flg=0x10000000 cmp=android/com.android.server.status.UmsServerActivity }
04-09 16:09:59.140: I/ActivityManager(961): Starting activity: Intent { flg=0x10000000 cmp=android/com.android.server.status.UmsServerActivity }
04-09 16:10:00.173: I/ActivityManager(961): Starting activity: Intent { flg=0x10000000 cmp=android/com.android.server.status.UmsServerActivity }
04-09 16:10:01.184: I/ActivityManager(961): Starting activity: Intent { flg=0x10000000 cmp=android/com.android.server.status.UmsServerActivity }
04-09 16:10:02.198: I/ActivityManager(961): Starting activity: Intent { flg=0x10000000 cmp=android/com.android.server.status.UmsServerActivity }
04-09 16:10:03.210: I/ActivityManager(961): Starting activity: Intent { flg=0x10000000 cmp=android/com.android.server.status.UmsServerActivity }
04-09 16:10:04.222: I/ActivityManager(961): Starting activity: Intent { flg=0x10000000 cmp=android/com.android.server.status.UmsServerActivity }
04-09 16:10:05.257: I/ActivityManager(961): Starting activity: Intent { flg=0x10000000 cmp=android/com.android.server.status.UmsServerActivity }
04-09 16:10:06.266: I/ActivityManager(961): Starting activity: Intent { flg=0x10000000 cmp=android/com.android.server.status.UmsServerActivity }
04-09 16:10:07.278: I/ActivityManager(961): Starting activity: Intent { flg=0x10000000 cmp=android/com.android.server.status.UmsServerActivity }
04-09 16:10:08.288: I/ActivityManager(961): Starting activity: Intent { flg=0x10000000 cmp=android/com.android.server.status.UmsServerActivity }
04-09 16:10:09.300: I/ActivityManager(961): Starting activity: Intent { flg=0x10000000 cmp=android/com.android.server.status.UmsServerActivity }
04-09 16:10:10.333: I/ActivityManager(961): Starting activity: Intent { flg=0x10000000 cmp=android/com.android.server.status.UmsServerActivity }
04-09 16:10:11.345: I/ActivityManager(961): Starting activity: Intent { flg=0x10000000 cmp=android/com.android.server.status.UmsServerActivity }
04-09 16:10:12.355: I/ActivityManager(961): Starting activity: Intent { flg=0x10000000 cmp=android/com.android.server.status.UmsServerActivity }
04-09 16:10:13.366: I/ActivityManager(961): Starting activity: Intent { flg=0x10000000 cmp=android/com.android.server.status.UmsServerActivity }
04-09 16:10:14.380: I/ActivityManager(961): Starting activity: Intent { flg=0x10000000 cmp=android/com.android.server.status.UmsServerActivity }
04-09 16:10:15.413: I/ActivityManager(961): Starting activity: Intent { flg=0x10000000 cmp=android/com.android.server.status.UmsServerActivity }
04-09 16:10:16.423: I/ActivityManager(961): Starting activity: Intent { flg=0x10000000 cmp=android/com.android.server.status.UmsServerActivity }
04-09 16:10:17.435: I/ActivityManager(961): Starting activity: Intent { flg=0x10000000 cmp=android/com.android.server.status.UmsServerActivity }
04-09 16:10:18.446: I/ActivityManager(961): Starting activity: Intent { flg=0x10000000 cmp=android/com.android.server.status.UmsServerActivity }
04-09 16:10:19.458: I/ActivityManager(961): Starting activity: Intent { flg=0x10000000 cmp=android/com.android.server.status.UmsServerActivity }
04-09 16:10:20.493: I/ActivityManager(961): Starting activity: Intent { flg=0x10000000 cmp=android/com.android.server.status.UmsServerActivity }
04-09 16:10:21.505: I/ActivityManager(961): Starting activity: Intent { flg=0x10000000 cmp=android/com.android.server.status.UmsServerActivity }
04-09 16:10:22.518: I/ActivityManager(961): Starting activity: Intent { flg=0x10000000 cmp=android/com.android.server.status.UmsServerActivity }
04-09 16:10:23.528: I/ActivityManager(961): Starting activity: Intent { flg=0x10000000 cmp=android/com.android.server.status.UmsServerActivity }
04-09 16:10:24.540: I/ActivityManager(961): Starting activity: Intent { flg=0x10000000 cmp=android/com.android.server.status.UmsServerActivity }
04-09 16:10:25.575: I/ActivityManager(961): Starting activity: Intent { flg=0x10000000 cmp=android/com.android.server.status.UmsServerActivity }
04-09 16:10:26.587: I/ActivityManager(961): Starting activity: Intent { flg=0x10000000 cmp=android/com.android.server.status.UmsServerActivity }
04-09 16:10:27.597: I/ActivityManager(961): Starting activity: Intent { flg=0x10000000 cmp=android/com.android.server.status.UmsServerActivity }
04-09 16:10:28.606: I/ActivityManager(961): Starting activity: Intent { flg=0x10000000 cmp=android/com.android.server.status.UmsServerActivity }
04-09 16:10:29.616: I/ActivityManager(961): Starting activity: Intent { flg=0x10000000 cmp=android/com.android.server.status.UmsServerActivity }
04-09 16:10:30.649: I/ActivityManager(961): Starting activity: Intent { flg=0x10000000 cmp=android/com.android.server.status.UmsServerActivity }
04-09 16:10:31.661: I/ActivityManager(961): Starting activity: Intent { flg=0x10000000 cmp=android/com.android.server.status.UmsServerActivity }
04-09 16:10:32.671: I/ActivityManager(961): Starting activity: Intent { flg=0x10000000 cmp=android/com.android.server.status.UmsServerActivity }
04-09 16:10:33.681: I/ActivityManager(961): Starting activity: Intent { flg=0x10000000 cmp=android/com.android.server.status.UmsServerActivity }
04-09 16:10:34.691: I/ActivityManager(961): Starting activity: Intent { flg=0x10000000 cmp=android/com.android.server.status.UmsServerActivity }
04-09 16:10:35.728: I/ActivityManager(961): Starting activity: Intent { flg=0x10000000 cmp=android/com.android.server.status.UmsServerActivity }
04-09 16:10:36.643: I/UsageStats(961): Unexpected resume of android while already resumed in android
04-09 16:10:36.741: D/WifiService(961): ACTION_SCREEN_ON
04-09 16:10:36.772: I/ActivityManager(961): Starting activity: Intent { flg=0x10000000 cmp=android/com.android.server.status.UmsServerActivity }
04-09 16:10:37.778: I/ActivityManager(961): Starting activity: Intent { flg=0x10000000 cmp=android/com.android.server.status.UmsServerActivity }
04-09 16:10:38.450: D/StatusBar(961): DISABLE_NOTIFICATION_ICONS: no
04-09 16:10:38.790: I/ActivityManager(961): Starting activity: Intent { flg=0x10000000 cmp=android/com.android.server.status.UmsServerActivity }
04-09 16:10:39.306: D/ConnectivityService(961): ConnectivityChange for WIFI: CONNECTING/CONNECTING
04-09 16:10:39.356: D/ConnectivityService(961): Dropping ConnectivityChange for WIFI: CONNECTING/AUTHENTICATING
04-09 16:10:39.399: D/ConnectivityService(961): Dropping ConnectivityChange for WIFI: CONNECTING/OBTAINING_IPADDR
04-09 16:10:39.765: D/WifiWatchdogService(961): (android.server.ServerThread) Appcelerator Guests (c0:62:6b:67:1f:e2) does not require the watchdog
04-09 16:10:39.809: I/ActivityManager(961): Starting activity: Intent { flg=0x10000000 cmp=android/com.android.server.status.UmsServerActivity }
04-09 16:10:39.850: D/ConnectivityService(961): ConnectivityChange for WIFI: CONNECTED/CONNECTED
04-09 16:10:39.860: D/ConnectivityService(961): adding dns 66.28.0.45 for WIFI
04-09 16:10:39.860: D/ConnectivityService(961): adding dns 66.28.0.61 for WIFI
04-09 16:10:39.862: D/ConnectivityService(961): adding dns 8.8.8.8 for WIFI
04-09 16:10:39.862: D/ConnectivityService(961): adding dns 8.8.4.4 for WIFI
04-09 16:10:39.882: D/VoldCmdListener(899): share status ums
04-09 16:10:40.817: I/ActivityManager(961): Starting activity: Intent { flg=0x10000000 cmp=android/com.android.server.status.UmsServerActivity }
04-09 16:10:41.491: E/StatusBarPolicy(961): BN_Notification enabled. Status = 2
04-09 16:10:41.768: I/ActivityManager(961): Starting activity: Intent { flg=0x10000000 cmp=android/com.android.server.status.UmsServerActivity }
04-09 16:10:42.772: I/ActivityManager(961): Starting activity: Intent { flg=0x10000000 cmp=android/com.android.server.status.UmsServerActivity }
04-09 16:10:43.774: I/ActivityManager(961): Starting activity: Intent { flg=0x10000000 cmp=android/com.android.server.status.UmsServerActivity }
04-09 16:10:44.776: I/ActivityManager(961): Starting activity: Intent { flg=0x10000000 cmp=android/com.android.server.status.UmsServerActivity }
04-09 16:10:45.780: I/ActivityManager(961): Starting activity: Intent { flg=0x10000000 cmp=android/com.android.server.status.UmsServerActivity }
04-09 16:10:46.588: D/WifiService(961): ACTION_BATTERY_CHANGED pluggedType: 0
04-09 16:10:46.783: I/ActivityManager(961): Starting activity: Intent { flg=0x10000000 cmp=android/com.android.server.status.UmsServerActivity }
04-09 16:10:47.785: I/ActivityManager(961): Starting activity: Intent { flg=0x10000000 cmp=android/com.android.server.status.UmsServerActivity }
04-09 16:10:48.791: I/ActivityManager(961): Starting activity: Intent { flg=0x10000000 cmp=android/com.android.server.status.UmsServerActivity }
04-09 16:10:49.795: I/ActivityManager(961): Starting activity: Intent { flg=0x10000000 cmp=android/com.android.server.status.UmsServerActivity }
04-09 16:10:50.797: I/ActivityManager(961): Starting activity: Intent { flg=0x10000000 cmp=android/com.android.server.status.UmsServerActivity }
04-09 16:10:51.801: I/ActivityManager(961): Starting activity: Intent { flg=0x10000000 cmp=android/com.android.server.status.UmsServerActivity }
04-09 16:10:52.805: I/ActivityManager(961): Starting activity: Intent { flg=0x10000000 cmp=android/com.android.server.status.UmsServerActivity }
04-09 16:10:53.807: I/ActivityManager(961): Starting activity: Intent { flg=0x10000000 cmp=android/com.android.server.status.UmsServerActivity }
04-09 16:10:54.811: I/ActivityManager(961): Starting activity: Intent { flg=0x10000000 cmp=android/com.android.server.status.UmsServerActivity }
04-09 16:10:55.815: I/ActivityManager(961): Starting activity: Intent { flg=0x10000000 cmp=android/com.android.server.status.UmsServerActivity }
04-09 16:10:56.818: I/ActivityManager(961): Starting activity: Intent { flg=0x10000000 cmp=android/com.android.server.status.UmsServerActivity }
04-09 16:10:57.498: I/MountService(961): onUmsDisconnected(): UMS mount state [UMS_STATE_SHARED]
04-09 16:10:57.498: I/MountService(961): onUmsDisconnected(): => all is OK; Ending UMS
04-09 16:10:57.568: W/MountService(961): Unsharing [/mnt/media] after cable disconnect
04-09 16:10:57.570: D/VoldCmdListener(899): volume unshare /mnt/media ums
04-09 16:10:57.572: D/Vold(899): Volume  state changing 7 (Shared-Unmounted) -> 1 (Idle-Unmounted)
04-09 16:10:57.623: I/StorageNotification(961): Media {/mnt/media} state changed from {shared} -> {unmounted}
04-09 16:10:57.637: D/VoldCmdListener(899): volume mount /mnt/media
04-09 16:10:57.639: I/Vold(899): /dev/block/vold/179:8 being considered for volume 
04-09 16:10:57.639: D/Vold(899): Volume  state changing 1 (Idle-Unmounted) -> 3 (Checking)
04-09 16:10:58.236: I/Vold(899): Filesystem check completed OK
04-09 16:10:58.240: I/Vold(899): Device /dev/block/vold/179:8, target /mnt/media mounted @ /mnt/secure/staging
04-09 16:10:58.242: D/Vold(899): Volume  state changing 3 (Checking) -> 4 (Mounted)
04-09 16:10:58.260: D/VoldCmdListener(899): volume shared /mnt/media ums
04-09 16:10:58.260: I/MountService(961): media [/mnt/media] successfully mounted on UMS enabled-disconnect
04-09 16:10:58.264: I/StorageNotification(961): Media {/mnt/media} state changed from {unmounted} -> {checking}
04-09 16:10:58.266: I/StorageNotification(961): Media {/mnt/media} state changed from {checking} -> {mounted}
04-09 16:10:58.393: D/VoldCmdListener(899): volume shared /mnt/media ums
04-09 16:10:58.393: D/VoldCmdListener(899): --------- beginning of /dev/log/main
04-09 16:10:58.436: D/DeviceManagerBroadcastReceiver(1181): Action: android.intent.action.MEDIA_MOUNTED
04-09 16:10:58.436: D/DeviceManagerBroadcastReceiver(1181): Set Alarm: false
04-09 16:10:58.514: D/MediaScannerService(1079): start scanning volume internal
04-09 16:10:58.533: V/MediaPlayerService(903): Create new media retriever from pid 1079
04-09 16:10:58.631: D/(1079): found .nomedia, skipping directory
04-09 16:10:58.631: D/(1079): found .nomedia, skipping directory
04-09 16:10:58.643: D/DeviceManagerBroadcastReceiver(1181): action (com.bn.devicemanager.ACTION_DEVICE_USAGE)
04-09 16:10:58.643: D/DeviceManagerBroadcastReceiver(1181): Received intent ACTION_DEVICE_USAGE
04-09 16:10:58.643: D/DeviceManagerBroadcastReceiver(1181): Sending Message... ({ what=7 when=0 obj=Bundle[mParcelledData.dataSize=332] })
04-09 16:10:58.643: D/DeviceManagerBroadcastReceiver(1181): Action: com.bn.devicemanager.ACTION_DEVICE_USAGE
04-09 16:10:58.643: D/DeviceManagerBroadcastReceiver(1181): Set Alarm: false
04-09 16:10:58.645: D/DeviceManagerProvider(1181): query(): uri (content://com.bn.provider.devicemanagerprovider/registry?notify=false)
04-09 16:10:58.645: D/DeviceManagerProvider(1181): query(): selection (name = 'com.bn.device.fota.mode')
04-09 16:10:58.645: D/DeviceManagerProvider(1181): query(): selectionArgs (null)
04-09 16:10:58.645: D/DeviceManagerProvider(1181): query(): Product.BN_FEATURE_ROM_TOKENS_ENABLED (true)
04-09 16:10:58.645: D/DeviceManagerProvider(1181): query(): Table (registry)
04-09 16:10:58.645: D/DeviceManagerProvider(1181): Query from ROM Token!
04-09 16:10:58.645: D/DeviceManagerProvider(1181): query(): name after()
04-09 16:10:58.645: D/DeviceManagerProvider(1181): deviceInfoQuery: uri (content://com.bn.provider.devicemanagerprovider/registry?notify=false)
04-09 16:10:58.645: D/DeviceManagerProvider(1181): deviceInfoQuery: return false
04-09 16:10:58.645: D/MediaScanner(1079): storage:/system/media,total:450560,free:167936,audio:57,video:1,images:15,docs:2
04-09 16:10:58.645: D/(1079): found .nomedia, skipping directory
04-09 16:10:58.650: D/Utils(1181): getRegistryValue(): Name = com.bn.device.fota.mode Value: auto
04-09 16:10:58.660: D/Utils(1181): FOTA mode: auto
04-09 16:10:58.660: I/DeviceManagerHandler(1181): HandleMessage(): msg.what (7)
04-09 16:10:58.666: D/DeviceManagerProvider(1181): query(): uri (content://com.bn.provider.devicemanagerprovider/registry?notify=false)
04-09 16:10:58.666: D/DeviceManagerProvider(1181): query(): selection (name = 'com.bn.device.system.build_tag')
04-09 16:10:58.666: D/DeviceManagerProvider(1181): query(): selectionArgs (null)
04-09 16:10:58.666: D/DeviceManagerProvider(1181): query(): Product.BN_FEATURE_ROM_TOKENS_ENABLED (true)
04-09 16:10:58.666: D/DeviceManagerProvider(1181): query(): Table (registry)
04-09 16:10:58.666: D/DeviceManagerProvider(1181): Query from ROM Token!
04-09 16:10:58.666: D/DeviceManagerProvider(1181): query(): selection has com.bn.device.system
04-09 16:10:58.666: D/DeviceManagerProvider(1181): query(): name after(com.bn.device.system.build_tag)
04-09 16:10:58.666: D/DeviceManagerProvider(1181): deviceInfoQuery: uri (content://com.bn.provider.devicemanagerprovider/registry?notify=false)
04-09 16:10:58.666: D/DeviceManagerProvider(1181): deviceInfoQuery: name (com.bn.device.system.build_tag)
04-09 16:10:58.666: D/DeviceManagerProvider(1181): deviceInfoQuery: return false
04-09 16:10:58.680: D/Utils(1181): getRegistryValue(): Name = com.bn.device.system.build_tag Value: 1.4.2.631.int.enc.rrdp.s55096
04-09 16:10:58.682: D/DeviceManagerProvider(1181): query(): uri (content://com.bn.provider.devicemanagerprovider/registry?notify=false)
04-09 16:10:58.682: D/DeviceManagerProvider(1181): query(): selection (name = 'com.bn.device.system.model')
04-09 16:10:58.682: D/DeviceManagerProvider(1181): query(): selectionArgs (null)
04-09 16:10:58.682: D/DeviceManagerProvider(1181): query(): Product.BN_FEATURE_ROM_TOKENS_ENABLED (true)
04-09 16:10:58.682: D/DeviceManagerProvider(1181): query(): Table (registry)
04-09 16:10:58.682: D/DeviceManagerProvider(1181): Query from ROM Token!
04-09 16:10:58.682: D/DeviceManagerProvider(1181): query(): selection has com.bn.device.system
04-09 16:10:58.682: D/DeviceManagerProvider(1181): query(): name after(com.bn.device.system.model)
04-09 16:10:58.682: D/DeviceManagerProvider(1181): deviceInfoQuery: uri (content://com.bn.provider.devicemanagerprovider/registry?notify=false)
04-09 16:10:58.682: D/DeviceManagerProvider(1181): deviceInfoQuery: name (com.bn.device.system.model)
04-09 16:10:58.682: D/DeviceManagerProvider(1181): deviceInfoQuery: return true
04-09 16:10:58.682: D/DeviceManagerProvider(1181): queryDeviceInfo: value (BNRV200)
04-09 16:10:58.682: D/DeviceManagerProvider(1181): queryDeviceInfo: Projection size: 1
04-09 16:10:58.682: D/DeviceManagerProvider(1181): queryDeviceInfo: Return value[0]: BNRV200
04-09 16:10:58.682: D/Utils(1181): getRegistryValue(): Name = com.bn.device.system.model Value: BNRV200
04-09 16:10:58.830: D/DeviceManagerBroadcastReceiver(1181): action (com.bn.devicemanager.ACTION_DEVICE_USAGE)
04-09 16:10:58.830: D/DeviceManagerBroadcastReceiver(1181): Received intent ACTION_DEVICE_USAGE
04-09 16:10:58.832: D/WindowManager(961): interceptKeyTi code=3 down=true repeatCount=0 keyguardOn=false mHomePressed=false
04-09 16:10:58.832: I/WindowManager(961): interceptKeyTi(): KEYCODE_HOME
04-09 16:10:58.832: I/WindowManager(961): interceptKeyTi(): KEYCODE_HOME + (down && repeatCount == 0 && !mDisableInput) == true ==> recognize home key pressed
04-09 16:10:58.832: D/DeviceManagerBroadcastReceiver(1181): Sending Message... ({ what=7 when=0 obj=Bundle[mParcelledData.dataSize=324] })
04-09 16:10:58.834: D/DeviceManagerBroadcastReceiver(1181): Action: com.bn.devicemanager.ACTION_DEVICE_USAGE
04-09 16:10:58.834: D/DeviceManagerBroadcastReceiver(1181): Set Alarm: false
04-09 16:10:58.834: D/DeviceManagerProvider(1181): query(): uri (content://com.bn.provider.devicemanagerprovider/registry?notify=false)
04-09 16:10:58.834: D/DeviceManagerProvider(1181): query(): selection (name = 'com.bn.device.fota.mode')
04-09 16:10:58.834: D/DeviceManagerProvider(1181): query(): selectionArgs (null)
04-09 16:10:58.834: D/DeviceManagerProvider(1181): query(): Product.BN_FEATURE_ROM_TOKENS_ENABLED (true)
04-09 16:10:58.834: D/DeviceManagerProvider(1181): query(): Table (registry)
04-09 16:10:58.834: D/DeviceManagerProvider(1181): Query from ROM Token!
04-09 16:10:58.834: D/DeviceManagerProvider(1181): query(): name after()
04-09 16:10:58.834: D/DeviceManagerProvider(1181): deviceInfoQuery: uri (content://com.bn.provider.devicemanagerprovider/registry?notify=false)
04-09 16:10:58.834: D/DeviceManagerProvider(1181): deviceInfoQuery: return false
04-09 16:10:58.836: D/MediaScanner(1079): storage:/mnt/media,total:1048576,free:1044480,audio:0,video:0,images:0,docs:0
04-09 16:10:58.850: D/MediaScannerService(1079): done scanning volume internal
04-09 16:10:58.850: D/Utils(1181): getRegistryValue(): Name = com.bn.device.fota.mode Value: auto
04-09 16:10:58.856: D/Utils(1181): FOTA mode: auto
04-09 16:10:58.856: I/DeviceManagerHandler(1181): HandleMessage(): msg.what (7)
04-09 16:10:58.858: D/DeviceManagerProvider(1181): query(): uri (content://com.bn.provider.devicemanagerprovider/registry?notify=false)
04-09 16:10:58.858: D/DeviceManagerProvider(1181): query(): selection (name = 'com.bn.device.system.build_tag')
04-09 16:10:58.858: D/DeviceManagerProvider(1181): query(): selectionArgs (null)
04-09 16:10:58.858: D/DeviceManagerProvider(1181): query(): Product.BN_FEATURE_ROM_TOKENS_ENABLED (true)
04-09 16:10:58.858: D/DeviceManagerProvider(1181): query(): Table (registry)
04-09 16:10:58.858: D/DeviceManagerProvider(1181): Query from ROM Token!
04-09 16:10:58.858: D/DeviceManagerProvider(1181): query(): selection has com.bn.device.system
04-09 16:10:58.858: D/DeviceManagerProvider(1181): query(): name after(com.bn.device.system.build_tag)
04-09 16:10:58.858: D/DeviceManagerProvider(1181): deviceInfoQuery: uri (content://com.bn.provider.devicemanagerprovider/registry?notify=false)
04-09 16:10:58.858: D/DeviceManagerProvider(1181): deviceInfoQuery: name (com.bn.device.system.build_tag)
04-09 16:10:58.858: D/DeviceManagerProvider(1181): deviceInfoQuery: return false
04-09 16:10:58.861: D/Utils(1181): getRegistryValue(): Name = com.bn.device.system.build_tag Value: 1.4.2.631.int.enc.rrdp.s55096
04-09 16:10:58.861: D/DeviceManagerProvider(1181): query(): uri (content://com.bn.provider.devicemanagerprovider/registry?notify=false)
04-09 16:10:58.861: D/DeviceManagerProvider(1181): query(): selection (name = 'com.bn.device.system.model')
04-09 16:10:58.863: D/DeviceManagerProvider(1181): query(): selectionArgs (null)
04-09 16:10:58.863: D/DeviceManagerProvider(1181): query(): Product.BN_FEATURE_ROM_TOKENS_ENABLED (true)
04-09 16:10:58.863: D/DeviceManagerProvider(1181): query(): Table (registry)
04-09 16:10:58.863: D/DeviceManagerProvider(1181): Query from ROM Token!
04-09 16:10:58.863: D/DeviceManagerProvider(1181): query(): selection has com.bn.device.system
04-09 16:10:58.863: D/DeviceManagerProvider(1181): query(): name after(com.bn.device.system.model)
04-09 16:10:58.863: D/DeviceManagerProvider(1181): deviceInfoQuery: uri (content://com.bn.provider.devicemanagerprovider/registry?notify=false)
04-09 16:10:58.863: D/DeviceManagerProvider(1181): deviceInfoQuery: name (com.bn.device.system.model)
04-09 16:10:58.863: D/DeviceManagerProvider(1181): deviceInfoQuery: return true
04-09 16:10:58.863: D/DeviceManagerProvider(1181): queryDeviceInfo: value (BNRV200)
04-09 16:10:58.863: D/DeviceManagerProvider(1181): queryDeviceInfo: Projection size: 1
04-09 16:10:58.863: D/DeviceManagerProvider(1181): queryDeviceInfo: Return value[0]: BNRV200
04-09 16:10:58.863: D/Utils(1181): getRegistryValue(): Name = com.bn.device.system.model Value: BNRV200
04-09 16:10:58.982: D/WindowManager(961): interceptKeyTi code=3 down=false repeatCount=0 keyguardOn=false mHomePressed=true
04-09 16:10:58.982: I/WindowManager(961): interceptKeyTi(): KEYCODE_HOME & mHomePressed
04-09 16:10:58.982: V/WindowManager(961): interceptKeyTi launchHomeFromHotKey
04-09 16:10:58.984: I/SurfaceFlinger(961):
04-09 16:10:58.984: I/SurfaceFlinger(961): SurfaceFlinger::createSurface() : layer->mIdentity=177, LayerName=
04-09 16:10:58.984: I/SurfaceFlinger(961): SurfaceFlinger::createSurface() : layer->clientIndex=0, surfaceHandle->mToken=0x0
04-09 16:11:00.205: D/WindowManager(961): interceptKeyTi code=3 down=true repeatCount=0 keyguardOn=false mHomePressed=false
04-09 16:11:00.205: I/WindowManager(961): interceptKeyTi(): KEYCODE_HOME
04-09 16:11:00.205: I/WindowManager(961): interceptKeyTi(): KEYCODE_HOME + (down && repeatCount == 0 && !mDisableInput) == true ==> recognize home key pressed
04-09 16:11:00.365: D/WindowManager(961): interceptKeyTi code=3 down=false repeatCount=0 keyguardOn=false mHomePressed=true
04-09 16:11:00.367: I/WindowManager(961): interceptKeyTi(): KEYCODE_HOME & mHomePressed
04-09 16:11:00.367: V/WindowManager(961): interceptKeyTi launchHomeFromHotKey
04-09 16:11:00.381: I/ActivityManager(961): Starting activity: Intent { act=com.bn.intent.action.home flg=0x14400000 cmp=com.bn.nook.home/.HomeActivity }
04-09 16:11:00.537: D/dalvikvm(961): GC_EXTERNAL_ALLOC freed 9387 objects / 539312 bytes in 143ms
04-09 16:11:00.588: V/MediaPlayerService(903): disconnect(19) from pid 961
04-09 16:11:00.592: V/MediaPlayerService(903): Client(19) destructor pid = 961
04-09 16:11:00.592: V/AudioSink(903): close
04-09 16:11:00.592: V/MediaPlayerService(903): disconnect(19) from pid 961
04-09 16:11:00.885: W/ActivityManager(961): Activity pause timeout for HistoryRecord{4a183f88 com.appcelerator.kitchensinknook/org.appcelerator.titanium.TiActivity}
04-09 16:11:00.916: I/AnimationUtilities(1035): $$$$$ Terminating animation...
04-09 16:11:00.932: I/SurfaceFlinger(961):
04-09 16:11:00.932: I/SurfaceFlinger(961): SurfaceFlinger::createSurface() : layer->mIdentity=178, LayerName= com.bn.nook.home/com.bn.nook.home.HomeActivity
04-09 16:11:00.932: I/SurfaceFlinger(961): SurfaceFlinger::createSurface() : layer->clientIndex=0, surfaceHandle->mToken=0x0
04-09 16:11:01.055: I/AnimationUtilities(1035): $$$$$ Terminating animation...
04-09 16:11:04.397: D/WindowManager(961): interceptKeyTi code=3 down=true repeatCount=0 keyguardOn=false mHomePressed=false
04-09 16:11:04.397: I/WindowManager(961): interceptKeyTi(): KEYCODE_HOME
04-09 16:11:04.397: I/WindowManager(961): interceptKeyTi(): KEYCODE_HOME + (down && repeatCount == 0 && !mDisableInput) == true ==> recognize home key pressed
04-09 16:11:04.578: D/WindowManager(961): interceptKeyTi code=3 down=false repeatCount=0 keyguardOn=false mHomePressed=true
04-09 16:11:04.580: I/WindowManager(961): interceptKeyTi(): KEYCODE_HOME & mHomePressed
04-09 16:11:04.582: V/WindowManager(961): interceptKeyTi launchHomeFromHotKey
04-09 16:11:04.588: I/SurfaceFlinger(961):
04-09 16:11:04.588: I/SurfaceFlinger(961): SurfaceFlinger::createSurface() : layer->mIdentity=179, LayerName=
04-09 16:11:04.588: I/SurfaceFlinger(961): SurfaceFlinger::createSurface() : layer->clientIndex=0, surfaceHandle->mToken=0x0
04-09 16:11:05.846: I/ActivityManager(961): Starting activity: Intent { act=com.encore.intent.action.library flg=0x14400000 cmp=com.bn.nook.library/.LibraryMainActivity (has extras) }
04-09 16:11:05.990: D/DeviceManagerBroadcastReceiver(1181): action (com.bn.devicemanager.ACTION_DEVICE_USAGE)
04-09 16:11:05.990: D/DeviceManagerBroadcastReceiver(1181): Received intent ACTION_DEVICE_USAGE
04-09 16:11:05.990: D/DeviceManagerBroadcastReceiver(1181): Sending Message... ({ what=7 when=0 obj=Bundle[mParcelledData.dataSize=152] })
04-09 16:11:05.992: D/DeviceManagerBroadcastReceiver(1181): Action: com.bn.devicemanager.ACTION_DEVICE_USAGE
04-09 16:11:05.992: D/DeviceManagerBroadcastReceiver(1181): Set Alarm: false
04-09 16:11:06.055: D/DeviceManagerProvider(1181): query(): uri (content://com.bn.provider.devicemanagerprovider/registry?notify=false)
04-09 16:11:06.174: I/SurfaceFlinger(961):
04-09 16:11:06.174: I/SurfaceFlinger(961): SurfaceFlinger::createSurface() : layer->mIdentity=180, LayerName= com.bn.nook.library/com.bn.nook.library.LibraryMainActivity
04-09 16:11:06.174: I/SurfaceFlinger(961): SurfaceFlinger::createSurface() : layer->clientIndex=0, surfaceHandle->mToken=0x0
04-09 16:11:06.225: D/DeviceManagerProvider(1181): query(): selection (name = 'com.bn.device.fota.mode')
04-09 16:11:06.225: D/DeviceManagerProvider(1181): query(): selectionArgs (null)
04-09 16:11:06.225: D/DeviceManagerProvider(1181): query(): Product.BN_FEATURE_ROM_TOKENS_ENABLED (true)
04-09 16:11:06.225: D/DeviceManagerProvider(1181): query(): Table (registry)
04-09 16:11:06.225: D/DeviceManagerProvider(1181): Query from ROM Token!
04-09 16:11:06.225: D/DeviceManagerProvider(1181): query(): name after()
04-09 16:11:06.225: D/DeviceManagerProvider(1181): deviceInfoQuery: uri (content://com.bn.provider.devicemanagerprovider/registry?notify=false)
04-09 16:11:06.225: D/DeviceManagerProvider(1181): deviceInfoQuery: return false
04-09 16:11:06.375: D/Utils(1181): getRegistryValue(): Name = com.bn.device.fota.mode Value: auto
04-09 16:11:06.387: D/Utils(1181): FOTA mode: auto
04-09 16:11:06.387: I/DeviceManagerHandler(1181): HandleMessage(): msg.what (7)
04-09 16:11:06.434: D/DeviceManagerProvider(1181): query(): uri (content://com.bn.provider.devicemanagerprovider/registry?notify=false)
04-09 16:11:06.434: D/DeviceManagerProvider(1181): query(): selection (name = 'com.bn.device.system.build_tag')
04-09 16:11:06.434: D/DeviceManagerProvider(1181): query(): selectionArgs (null)
04-09 16:11:06.434: D/DeviceManagerProvider(1181): query(): Product.BN_FEATURE_ROM_TOKENS_ENABLED (true)
04-09 16:11:06.434: D/DeviceManagerProvider(1181): query(): Table (registry)
04-09 16:11:06.434: D/DeviceManagerProvider(1181): Query from ROM Token!
04-09 16:11:06.434: D/DeviceManagerProvider(1181): query(): selection has com.bn.device.system
04-09 16:11:06.434: D/DeviceManagerProvider(1181): query(): name after(com.bn.device.system.build_tag)
04-09 16:11:06.434: D/DeviceManagerProvider(1181): deviceInfoQuery: uri (content://com.bn.provider.devicemanagerprovider/registry?notify=false)
04-09 16:11:06.434: D/DeviceManagerProvider(1181): deviceInfoQuery: name (com.bn.device.system.build_tag)
04-09 16:11:06.434: D/DeviceManagerProvider(1181): deviceInfoQuery: return false
04-09 16:11:06.486: D/Utils(1181): getRegistryValue(): Name = com.bn.device.system.build_tag Value: 1.4.2.631.int.enc.rrdp.s55096
04-09 16:11:06.488: D/DeviceManagerProvider(1181): query(): uri (content://com.bn.provider.devicemanagerprovider/registry?notify=false)
04-09 16:11:06.488: D/DeviceManagerProvider(1181): query(): selection (name = 'com.bn.device.system.model')
04-09 16:11:06.488: D/DeviceManagerProvider(1181): query(): selectionArgs (null)
04-09 16:11:06.488: D/DeviceManagerProvider(1181): query(): Product.BN_FEATURE_ROM_TOKENS_ENABLED (true)
04-09 16:11:06.488: D/DeviceManagerProvider(1181): query(): Table (registry)
04-09 16:11:06.488: D/DeviceManagerProvider(1181): Query from ROM Token!
04-09 16:11:06.488: D/DeviceManagerProvider(1181): query(): selection has com.bn.device.system
04-09 16:11:06.488: D/DeviceManagerProvider(1181): query(): name after(com.bn.device.system.model)
04-09 16:11:06.488: D/DeviceManagerProvider(1181): deviceInfoQuery: uri (content://com.bn.provider.devicemanagerprovider/registry?notify=false)
04-09 16:11:06.488: D/DeviceManagerProvider(1181): deviceInfoQuery: name (com.bn.device.system.model)
04-09 16:11:06.488: D/DeviceManagerProvider(1181): deviceInfoQuery: return true
04-09 16:11:06.488: D/DeviceManagerProvider(1181): queryDeviceInfo: value (BNRV200)
04-09 16:11:06.488: D/DeviceManagerProvider(1181): queryDeviceInfo: Projection size: 1
04-09 16:11:06.488: D/DeviceManagerProvider(1181): queryDeviceInfo: Return value[0]: BNRV200
04-09 16:11:06.488: D/Utils(1181): getRegistryValue(): Name = com.bn.device.system.model Value: BNRV200
04-09 16:11:08.178: D/WindowManager(961): interceptKeyTi code=24 down=true repeatCount=0 keyguardOn=false mHomePressed=false
04-09 16:11:08.207: I/SurfaceFlinger(961):
04-09 16:11:08.207: I/SurfaceFlinger(961): SurfaceFlinger::createSurface() : layer->mIdentity=181, LayerName= Toast
04-09 16:11:08.207: I/SurfaceFlinger(961): SurfaceFlinger::createSurface() : layer->clientIndex=0, surfaceHandle->mToken=0x0
04-09 16:11:08.375: W/ActivityManager(961): Activity idle timeout for HistoryRecord{4a183f88 com.appcelerator.kitchensinknook/org.appcelerator.titanium.TiActivity}
04-09 16:11:08.426: D/WindowManager(961): interceptKeyTi code=24 down=true repeatCount=0 keyguardOn=false mHomePressed=false
04-09 16:11:08.459: D/WindowManager(961): interceptKeyTi code=24 down=true repeatCount=0 keyguardOn=false mHomePressed=false
04-09 16:11:08.494: D/WindowManager(961): interceptKeyTi code=24 down=true repeatCount=0 keyguardOn=false mHomePressed=false
04-09 16:11:08.543: D/WindowManager(961): interceptKeyTi code=24 down=true repeatCount=0 keyguardOn=false mHomePressed=false
04-09 16:11:08.563: I/ActivityManager(961): Starting activity: Intent { cmp=com.bn.nook.applauncher/.jump.JumpActivity }
04-09 16:11:08.715: D/WindowManager(961): interceptKeyTi code=24 down=true repeatCount=0 keyguardOn=false mHomePressed=false
04-09 16:11:08.768: I/SurfaceFlinger(961):
04-09 16:11:08.768: I/SurfaceFlinger(961): SurfaceFlinger::createSurface() : layer->mIdentity=182, LayerName= com.bn.nook.applauncher/com.bn.nook.applauncher.jump.JumpActivity
04-09 16:11:08.768: I/SurfaceFlinger(961): SurfaceFlinger::createSurface() : layer->clientIndex=0, surfaceHandle->mToken=0x0
04-09 16:11:08.797: D/WindowManager(961): interceptKeyTi code=24 down=true repeatCount=0 keyguardOn=false mHomePressed=false
04-09 16:11:08.873: D/WindowManager(961): interceptKeyTi code=24 down=true repeatCount=0 keyguardOn=false mHomePressed=false
04-09 16:11:08.887: D/WindowManager(961): interceptKeyTi code=24 down=true repeatCount=0 keyguardOn=false mHomePressed=false
04-09 16:11:08.900: D/WindowManager(961): interceptKeyTi code=24 down=true repeatCount=0 keyguardOn=false mHomePressed=false
04-09 16:11:08.908: D/WindowManager(961): interceptKeyTi code=24 down=true repeatCount=0 keyguardOn=false mHomePressed=false
04-09 16:11:08.914: D/WindowManager(961): interceptKeyTi code=24 down=false repeatCount=0 keyguardOn=false mHomePressed=false
04-09 16:11:08.961: W/InputManagerService(961): Starting input on non-focused client com.android.internal.view.IInputMethodClient$Stub$Proxy@4a2484d8 (uid=10003 pid=1333)
04-09 16:11:09.174: I/ActivityManager(961): Displayed activity com.bn.nook.applauncher/.jump.JumpActivity: 530 ms (total 530 ms)
04-09 16:11:09.186: D/DeviceManagerBroadcastReceiver(1181): action (com.bn.devicemanager.ACTION_DEVICE_USAGE)
04-09 16:11:09.186: D/DeviceManagerBroadcastReceiver(1181): Received intent ACTION_DEVICE_USAGE
04-09 16:11:09.186: D/DeviceManagerBroadcastReceiver(1181): Sending Message... ({ what=7 when=0 obj=Bundle[mParcelledData.dataSize=148] })
04-09 16:11:09.186: D/DeviceManagerBroadcastReceiver(1181): Action: com.bn.devicemanager.ACTION_DEVICE_USAGE
04-09 16:11:09.186: D/DeviceManagerBroadcastReceiver(1181): Set Alarm: false
04-09 16:11:09.192: D/DeviceManagerProvider(1181): query(): uri (content://com.bn.provider.devicemanagerprovider/registry?notify=false)
04-09 16:11:09.192: D/DeviceManagerProvider(1181): query(): selection (name = 'com.bn.device.fota.mode')
04-09 16:11:09.192: D/DeviceManagerProvider(1181): query(): selectionArgs (null)
04-09 16:11:09.192: D/DeviceManagerProvider(1181): query(): Product.BN_FEATURE_ROM_TOKENS_ENABLED (true)
04-09 16:11:09.192: D/DeviceManagerProvider(1181): query(): Table (registry)
04-09 16:11:09.192: D/DeviceManagerProvider(1181): Query from ROM Token!
04-09 16:11:09.192: D/DeviceManagerProvider(1181): query(): name after()
04-09 16:11:09.192: D/DeviceManagerProvider(1181): deviceInfoQuery: uri (content://com.bn.provider.devicemanagerprovider/registry?notify=false)
04-09 16:11:09.192: D/DeviceManagerProvider(1181): deviceInfoQuery: return false
04-09 16:11:09.199: D/Utils(1181): getRegistryValue(): Name = com.bn.device.fota.mode Value: auto
04-09 16:11:09.201: D/Utils(1181): FOTA mode: auto
04-09 16:11:09.201: I/DeviceManagerHandler(1181): HandleMessage(): msg.what (7)
04-09 16:11:09.203: D/DeviceManagerProvider(1181): query(): uri (content://com.bn.provider.devicemanagerprovider/registry?notify=false)
04-09 16:11:09.203: D/DeviceManagerProvider(1181): query(): selection (name = 'com.bn.device.system.build_tag')
04-09 16:11:09.203: D/DeviceManagerProvider(1181): query(): selectionArgs (null)
04-09 16:11:09.203: D/DeviceManagerProvider(1181): query(): Product.BN_FEATURE_ROM_TOKENS_ENABLED (true)
04-09 16:11:09.203: D/DeviceManagerProvider(1181): query(): Table (registry)
04-09 16:11:09.203: D/DeviceManagerProvider(1181): Query from ROM Token!
04-09 16:11:09.203: D/DeviceManagerProvider(1181): query(): selection has com.bn.device.system
04-09 16:11:09.203: D/DeviceManagerProvider(1181): query(): name after(com.bn.device.system.build_tag)
04-09 16:11:09.203: D/DeviceManagerProvider(1181): deviceInfoQuery: uri (content://com.bn.provider.devicemanagerprovider/registry?notify=false)
04-09 16:11:09.203: D/DeviceManagerProvider(1181): deviceInfoQuery: name (com.bn.device.system.build_tag)
04-09 16:11:09.203: D/DeviceManagerProvider(1181): deviceInfoQuery: return false
04-09 16:11:09.207: D/Utils(1181): getRegistryValue(): Name = com.bn.device.system.build_tag Value: 1.4.2.631.int.enc.rrdp.s55096
04-09 16:11:09.209: D/DeviceManagerProvider(1181): query(): uri (content://com.bn.provider.devicemanagerprovider/registry?notify=false)
04-09 16:11:09.209: D/DeviceManagerProvider(1181): query(): selection (name = 'com.bn.device.system.model')
04-09 16:11:09.209: D/DeviceManagerProvider(1181): query(): selectionArgs (null)
04-09 16:11:09.209: D/DeviceManagerProvider(1181): query(): Product.BN_FEATURE_ROM_TOKENS_ENABLED (true)
04-09 16:11:09.209: D/DeviceManagerProvider(1181): query(): Table (registry)
04-09 16:11:09.211: D/DeviceManagerProvider(1181): Query from ROM Token!
04-09 16:11:09.211: D/DeviceManagerProvider(1181): query(): selection has com.bn.device.system
04-09 16:11:09.211: D/DeviceManagerProvider(1181): query(): name after(com.bn.device.system.model)
04-09 16:11:09.211: D/DeviceManagerProvider(1181): deviceInfoQuery: uri (content://com.bn.provider.devicemanagerprovider/registry?notify=false)
04-09 16:11:09.211: D/DeviceManagerProvider(1181): deviceInfoQuery: name (com.bn.device.system.model)
04-09 16:11:09.211: D/DeviceManagerProvider(1181): deviceInfoQuery: return true
04-09 16:11:09.211: D/DeviceManagerProvider(1181): queryDeviceInfo: value (BNRV200)
04-09 16:11:09.211: D/DeviceManagerProvider(1181): queryDeviceInfo: Projection size: 1
04-09 16:11:09.211: D/DeviceManagerProvider(1181): queryDeviceInfo: Return value[0]: BNRV200
04-09 16:11:09.211: D/Utils(1181): getRegistryValue(): Name = com.bn.device.system.model Value: BNRV200
04-09 16:11:09.333: D/Omap3ALSA(903): open called for devices 00000002 in mode 0...
04-09 16:11:09.475: E/ALSAControl(903): Control 'HandsfreeR Switch' cannot get element info: -2
04-09 16:11:09.477: E/ALSAControl(903): Control 'HandsfreeL Switch' cannot get element info: -2
04-09 16:11:09.477: E/ALSAControl(903): Control 'HandsfreeR Mux' cannot get element info: -2
04-09 16:11:09.477: E/ALSAControl(903): Control 'HandsfreeL Mux' cannot get element info: -2
04-09 16:11:09.477: E/ALSAControl(903): Control 'HeadsetR Mixer AudioR2' cannot get element info: -2
04-09 16:11:09.477: E/ALSAControl(903): Control 'HeadsetL Mixer AudioL2' cannot get element info: -2
04-09 16:11:09.477: I/Omap3ALSA(903): Initialized ALSA PLAYBACK device default
04-09 16:11:10.360: D/DeviceManagerBroadcastReceiver(1181): action (com.bn.devicemanager.ACTION_DEVICE_USAGE)
04-09 16:11:10.360: D/DeviceManagerBroadcastReceiver(1181): Received intent ACTION_DEVICE_USAGE
04-09 16:11:10.360: D/DeviceManagerBroadcastReceiver(1181): Sending Message... ({ what=7 when=0 obj=Bundle[mParcelledData.dataSize=208] })
04-09 16:11:10.361: D/DeviceManagerBroadcastReceiver(1181): Action: com.bn.devicemanager.ACTION_DEVICE_USAGE
04-09 16:11:10.361: D/DeviceManagerBroadcastReceiver(1181): Set Alarm: false
04-09 16:11:10.361: D/DeviceManagerProvider(1181): query(): uri (content://com.bn.provider.devicemanagerprovider/registry?notify=false)
04-09 16:11:10.361: D/DeviceManagerProvider(1181): query(): selection (name = 'com.bn.device.fota.mode')
04-09 16:11:10.361: D/DeviceManagerProvider(1181): query(): selectionArgs (null)
04-09 16:11:10.361: D/DeviceManagerProvider(1181): query(): Product.BN_FEATURE_ROM_TOKENS_ENABLED (true)
04-09 16:11:10.361: D/DeviceManagerProvider(1181): query(): Table (registry)
04-09 16:11:10.361: D/DeviceManagerProvider(1181): Query from ROM Token!
04-09 16:11:10.361: D/DeviceManagerProvider(1181): query(): name after()
04-09 16:11:10.361: D/DeviceManagerProvider(1181): deviceInfoQuery: uri (content://com.bn.provider.devicemanagerprovider/registry?notify=false)
04-09 16:11:10.361: D/DeviceManagerProvider(1181): deviceInfoQuery: return false
04-09 16:11:10.365: I/ActivityManager(961): Starting activity: Intent { act=android.intent.action.MAIN cat=[android.intent.category.LAUNCHER] flg=0x10200000 cmp=com.appcelerator.kitchensinknook/.KitchensinkNookActivity }
04-09 16:11:10.410: D/Utils(1181): getRegistryValue(): Name = com.bn.device.fota.mode Value: auto
04-09 16:11:10.412: D/Utils(1181): FOTA mode: auto
04-09 16:11:10.412: I/DeviceManagerHandler(1181): HandleMessage(): msg.what (7)
04-09 16:11:10.422: D/DeviceManagerProvider(1181): query(): uri (content://com.bn.provider.devicemanagerprovider/registry?notify=false)
04-09 16:11:10.422: D/DeviceManagerProvider(1181): query(): selection (name = 'com.bn.device.system.build_tag')
04-09 16:11:10.422: D/DeviceManagerProvider(1181): query(): selectionArgs (null)
04-09 16:11:10.422: D/DeviceManagerProvider(1181): query(): Product.BN_FEATURE_ROM_TOKENS_ENABLED (true)
04-09 16:11:10.422: D/DeviceManagerProvider(1181): query(): Table (registry)
04-09 16:11:10.422: D/DeviceManagerProvider(1181): Query from ROM Token!
04-09 16:11:10.422: D/DeviceManagerProvider(1181): query(): selection has com.bn.device.system
04-09 16:11:10.422: D/DeviceManagerProvider(1181): query(): name after(com.bn.device.system.build_tag)
04-09 16:11:10.422: D/DeviceManagerProvider(1181): deviceInfoQuery: uri (content://com.bn.provider.devicemanagerprovider/registry?notify=false)
04-09 16:11:10.422: D/DeviceManagerProvider(1181): deviceInfoQuery: name (com.bn.device.system.build_tag)
04-09 16:11:10.422: D/DeviceManagerProvider(1181): deviceInfoQuery: return false
04-09 16:11:10.428: D/Utils(1181): getRegistryValue(): Name = com.bn.device.system.build_tag Value: 1.4.2.631.int.enc.rrdp.s55096
04-09 16:11:10.430: D/DeviceManagerProvider(1181): query(): uri (content://com.bn.provider.devicemanagerprovider/registry?notify=false)
04-09 16:11:10.430: D/DeviceManagerProvider(1181): query(): selection (name = 'com.bn.device.system.model')
04-09 16:11:10.430: D/DeviceManagerProvider(1181): query(): selectionArgs (null)
04-09 16:11:10.430: D/DeviceManagerProvider(1181): query(): Product.BN_FEATURE_ROM_TOKENS_ENABLED (true)
04-09 16:11:10.430: D/DeviceManagerProvider(1181): query(): Table (registry)
04-09 16:11:10.430: D/DeviceManagerProvider(1181): Query from ROM Token!
04-09 16:11:10.430: D/DeviceManagerProvider(1181): query(): selection has com.bn.device.system
04-09 16:11:10.430: D/DeviceManagerProvider(1181): query(): name after(com.bn.device.system.model)
04-09 16:11:10.432: D/DeviceManagerProvider(1181): deviceInfoQuery: uri (content://com.bn.provider.devicemanagerprovider/registry?notify=false)
04-09 16:11:10.432: D/DeviceManagerProvider(1181): deviceInfoQuery: name (com.bn.device.system.model)
04-09 16:11:10.432: D/DeviceManagerProvider(1181): deviceInfoQuery: return true
04-09 16:11:10.432: D/DeviceManagerProvider(1181): queryDeviceInfo: value (BNRV200)
04-09 16:11:10.432: D/DeviceManagerProvider(1181): queryDeviceInfo: Projection size: 1
04-09 16:11:10.432: D/DeviceManagerProvider(1181): queryDeviceInfo: Return value[0]: BNRV200
04-09 16:11:10.432: D/Utils(1181): getRegistryValue(): Name = com.bn.device.system.model Value: BNRV200
04-09 16:11:14.244: W/WindowManager(961): No window to dispatch pointer action 0
04-09 16:11:14.311: W/WindowManager(961): No window to dispatch pointer action 1
04-09 16:11:16.582: D/DeviceManagerBroadcastReceiver(1181): Updated Battery Level: 100
04-09 16:11:16.582: D/DeviceManagerBroadcastReceiver(1181): Action: android.intent.action.BATTERY_CHANGED
04-09 16:11:16.582: D/DeviceManagerBroadcastReceiver(1181): Set Alarm: false
04-09 16:11:16.602: D/WifiService(961): ACTION_BATTERY_CHANGED pluggedType: 0
04-09 16:11:20.370: W/ActivityManager(961): Launch timeout has expired, giving up wake lock!
04-09 16:11:20.397: W/ActivityManager(961): Activity idle timeout for HistoryRecord{4a183f88 com.appcelerator.kitchensinknook/org.appcelerator.titanium.TiActivity}
04-09 16:11:21.209: D/dalvikvm(2796): GC_FOR_MALLOC freed 36502 objects / 1399016 bytes in 200ms
04-09 16:11:25.498: D/dalvikvm(1333): GC_EXPLICIT freed 3596 objects / 288976 bytes in 99ms
04-09 16:11:30.483: D/dalvikvm(1240): GC_EXPLICIT freed 1437 objects / 89328 bytes in 81ms
04-09 16:11:35.508: D/dalvikvm(1079): GC_EXPLICIT freed 3577 objects / 193712 bytes in 105ms
04-09 16:11:40.488: D/dalvikvm(1116): GC_EXPLICIT freed 758 objects / 224936 bytes in 85ms
04-09 16:11:45.520: D/dalvikvm(1161): GC_EXPLICIT freed 1690 objects / 90080 bytes in 114ms
04-09 16:11:46.586: D/DeviceManagerBroadcastReceiver(1181): Updated Battery Level: 100
04-09 16:11:46.586: D/DeviceManagerBroadcastReceiver(1181): Action: android.intent.action.BATTERY_CHANGED
04-09 16:11:46.586: D/DeviceManagerBroadcastReceiver(1181): Set Alarm: false
04-09 16:11:46.608: D/WifiService(961): ACTION_BATTERY_CHANGED pluggedType: 0
04-09 16:11:55.358: D/WindowManager(961): interceptKeyTi code=4 down=true repeatCount=0 keyguardOn=false mHomePressed=false
04-09 16:11:58.856: D/WindowManager(961): interceptKeyTi code=4 down=true repeatCount=0 keyguardOn=false mHomePressed=false
04-09 16:11:58.938: D/WindowManager(961): interceptKeyTi code=4 down=true repeatCount=0 keyguardOn=false mHomePressed=false
04-09 16:11:58.953: D/WindowManager(961): interceptKeyTi code=4 down=true repeatCount=0 keyguardOn=false mHomePressed=false
04-09 16:11:59.420: D/WindowManager(961): interceptKeyTi code=4 down=true repeatCount=0 keyguardOn=false mHomePressed=false
04-09 16:11:59.420: D/WindowManager(961): interceptKeyTi code=4 down=true repeatCount=0 keyguardOn=false mHomePressed=false
04-09 16:11:59.486: D/WindowManager(961): interceptKeyTi code=4 down=true repeatCount=0 keyguardOn=false mHomePressed=false
04-09 16:11:59.490: D/WindowManager(961): interceptKeyTi code=4 down=true repeatCount=0 keyguardOn=false mHomePressed=false
04-09 16:11:59.516: D/WindowManager(961): interceptKeyTi code=4 down=true repeatCount=0 keyguardOn=false mHomePressed=false
04-09 16:11:59.606: D/WindowManager(961): interceptKeyTi code=4 down=true repeatCount=0 keyguardOn=false mHomePressed=false
04-09 16:11:59.608: D/WindowManager(961): interceptKeyTi code=4 down=true repeatCount=0 keyguardOn=false mHomePressed=false
04-09 16:11:59.608: D/WindowManager(961): interceptKeyTi code=4 down=true repeatCount=0 keyguardOn=false mHomePressed=false
04-09 16:11:59.660: D/WindowManager(961): interceptKeyTi code=4 down=true repeatCount=0 keyguardOn=false mHomePressed=false
04-09 16:11:59.660: D/WindowManager(961): interceptKeyTi code=4 down=true repeatCount=0 keyguardOn=false mHomePressed=false
04-09 16:11:59.662: D/WindowManager(961): interceptKeyTi code=4 down=true repeatCount=0 keyguardOn=false mHomePressed=false
04-09 16:11:59.670: D/WindowManager(961): interceptKeyTi code=4 down=true repeatCount=0 keyguardOn=false mHomePressed=false
04-09 16:11:59.756: D/WindowManager(961): interceptKeyTi code=4 down=true repeatCount=0 keyguardOn=false mHomePressed=false
04-09 16:11:59.756: D/WindowManager(961): interceptKeyTi code=4 down=true repeatCount=0 keyguardOn=false mHomePressed=false
04-09 16:11:59.758: D/WindowManager(961): interceptKeyTi code=4 down=true repeatCount=0 keyguardOn=false mHomePressed=false
04-09 16:11:59.758: D/WindowManager(961): interceptKeyTi code=4 down=true repeatCount=0 keyguardOn=false mHomePressed=false
04-09 16:11:59.815: D/WindowManager(961): interceptKeyTi code=4 down=true repeatCount=0 keyguardOn=false mHomePressed=false
